Last updated on 2025-02-16 10:50:46 CET.
Flavor | Version | Tinstall | Tcheck | Ttotal | Status | Flags |
---|---|---|---|---|---|---|
r-devel-linux-x86_64-debian-clang | 1.0-2 | 112.24 | 152.14 | 264.38 | OK | |
r-devel-linux-x86_64-debian-gcc | 1.0-2 | 82.49 | 108.47 | 190.96 | OK | |
r-devel-linux-x86_64-fedora-clang | 1.0-2 | 539.13 | OK | |||
r-devel-linux-x86_64-fedora-gcc | 1.0-2 | 546.49 | OK | |||
r-devel-macos-arm64 | 1.0-2 | 112.00 | OK | |||
r-devel-macos-x86_64 | 1.0-2 | 190.00 | OK | |||
r-devel-windows-x86_64 | 1.0-2 | 124.00 | 188.00 | 312.00 | OK | |
r-patched-linux-x86_64 | 1.0-2 | 112.75 | 151.46 | 264.21 | OK | |
r-release-linux-x86_64 | 1.0-2 | 112.89 | 150.75 | 263.64 | OK | |
r-release-macos-arm64 | 1.0-2 | 146.00 | NOTE | |||
r-release-macos-x86_64 | 1.0-2 | 282.00 | NOTE | |||
r-release-windows-x86_64 | 1.0-2 | 125.00 | 198.00 | 323.00 | OK | |
r-oldrel-macos-arm64 | 1.0-2 | 162.00 | NOTE | |||
r-oldrel-macos-x86_64 | 1.0-2 | 322.00 | NOTE | |||
r-oldrel-windows-x86_64 | 1.0-2 | 159.00 | 245.00 | 404.00 | OK |
Version: 1.0-2
Check: installed package size
Result: NOTE
installed size is 12.0Mb
sub-directories of 1Mb or more:
doc 1.6Mb
libs 9.5Mb
Flavors: r-release-macos-arm64, r-release-macos-x86_64, r-oldrel-macos-arm64, r-oldrel-macos-x86_64
These binaries (installable software) and packages are in development.
They may not be fully stable and should be used with caution. We make no claims about them.