CRAN Package Check Results for Package fddm

Last updated on 2025-05-21 21:49:16 CEST.

Flavor Version Tinstall Tcheck Ttotal Status Flags
r-devel-linux-x86_64-debian-clang 1.0-2 117.81 158.68 276.49 OK
r-devel-linux-x86_64-debian-gcc 1.0-2 80.12 111.93 192.05 OK
r-devel-linux-x86_64-fedora-clang 1.0-2 503.93 OK
r-devel-linux-x86_64-fedora-gcc 1.0-2 510.29 OK
r-devel-windows-x86_64 1.0-2 142.00 208.00 350.00 OK
r-patched-linux-x86_64 1.0-2 116.12 154.01 270.13 OK
r-release-linux-x86_64 1.0-2 114.82 155.54 270.36 OK
r-release-macos-arm64 1.0-2 110.00 OK
r-release-macos-x86_64 1.0-2 188.00 OK
r-release-windows-x86_64 1.0-2 141.00 247.00 388.00 OK
r-oldrel-macos-arm64 1.0-2 146.00 NOTE
r-oldrel-macos-x86_64 1.0-2 282.00 NOTE
r-oldrel-windows-x86_64 1.0-2 157.00 231.00 388.00 OK

Check Details

Version: 1.0-2
Check: installed package size
Result: NOTE installed size is 12.0Mb sub-directories of 1Mb or more: doc 1.6Mb libs 9.5Mb Flavors: r-oldrel-macos-arm64, r-oldrel-macos-x86_64

These binaries (installable software) and packages are in development.
They may not be fully stable and should be used with caution. We make no claims about them.