Last updated on 2025-10-23 15:49:54 CEST.
Flavor | Version | Tinstall | Tcheck | Ttotal | Status | Flags |
---|---|---|---|---|---|---|
r-devel-linux-x86_64-debian-clang | 1.0-2 | 115.26 | 180.06 | 295.32 | OK | |
r-devel-linux-x86_64-debian-gcc | 1.0-2 | 75.25 | 134.33 | 209.58 | OK | |
r-devel-linux-x86_64-fedora-clang | 1.0-2 | 358.00 | 197.42 | 555.42 | OK | |
r-devel-linux-x86_64-fedora-gcc | 1.0-2 | 217.00 | 281.04 | 498.04 | OK | |
r-devel-windows-x86_64 | 1.0-2 | 139.00 | 190.00 | 329.00 | OK | |
r-patched-linux-x86_64 | 1.0-2 | 116.07 | 178.17 | 294.24 | OK | |
r-release-linux-x86_64 | 1.0-2 | 108.60 | 176.72 | 285.32 | OK | |
r-release-macos-arm64 | 1.0-2 | 41.00 | 69.00 | 110.00 | OK | |
r-release-macos-x86_64 | 1.0-2 | 43.00 | 145.00 | 188.00 | OK | |
r-release-windows-x86_64 | 1.0-2 | 139.00 | 191.00 | 330.00 | OK | |
r-oldrel-macos-arm64 | 1.0-2 | 61.00 | 85.00 | 146.00 | NOTE | |
r-oldrel-macos-x86_64 | 1.0-2 | 50.00 | 232.00 | 282.00 | NOTE | |
r-oldrel-windows-x86_64 | 1.0-2 | 163.00 | 241.00 | 404.00 | OK |
Version: 1.0-2
Check: installed package size
Result: NOTE
installed size is 12.0Mb
sub-directories of 1Mb or more:
doc 1.6Mb
libs 9.5Mb
Flavors: r-oldrel-macos-arm64, r-oldrel-macos-x86_64
These binaries (installable software) and packages are in development.
They may not be fully stable and should be used with caution. We make no claims about them.