Last updated on 2025-11-13 07:50:51 CET.
| Flavor | Version | Tinstall | Tcheck | Ttotal | Status | Flags |
|---|---|---|---|---|---|---|
| r-devel-linux-x86_64-debian-clang | 0.12 | 8.04 | 77.70 | 85.74 | OK | |
| r-devel-linux-x86_64-debian-gcc | 0.12 | 7.46 | 62.68 | 70.14 | OK | |
| r-devel-linux-x86_64-fedora-clang | 0.12 | 23.00 | 116.76 | 139.76 | NOTE | |
| r-devel-linux-x86_64-fedora-gcc | 0.12 | 21.00 | 104.52 | 125.52 | NOTE | |
| r-devel-windows-x86_64 | 0.12 | 10.00 | 79.00 | 89.00 | OK | |
| r-patched-linux-x86_64 | 0.12 | 7.58 | 68.26 | 75.84 | OK | |
| r-release-linux-x86_64 | 0.12 | 8.30 | 67.67 | 75.97 | OK | |
| r-release-macos-arm64 | 0.12 | 8.00 | 41.00 | 49.00 | OK | |
| r-release-macos-x86_64 | 0.12 | 9.00 | 62.00 | 71.00 | OK | |
| r-release-windows-x86_64 | 0.12 | 10.00 | 77.00 | 87.00 | OK | |
| r-oldrel-macos-arm64 | 0.12 | 7.00 | 41.00 | 48.00 | NOTE | |
| r-oldrel-macos-x86_64 | 0.12 | 7.00 | 49.00 | 56.00 | NOTE | |
| r-oldrel-windows-x86_64 | 0.12 | 11.00 | 93.00 | 104.00 | NOTE |
Version: 0.12
Check: dependencies in R code
Result: NOTE
Namespaces in Imports field not imported from:
‘data.table’ ‘ggplot2’ ‘randomcoloR’ ‘sqldf’
All declared Imports should be used.
Flavors: r-devel-linux-x86_64-fedora-clang, r-devel-linux-x86_64-fedora-gcc
Version: 0.12
Check: LazyData
Result: NOTE
'LazyData' is specified without a 'data' directory
Flavors: r-oldrel-macos-arm64, r-oldrel-macos-x86_64, r-oldrel-windows-x86_64
These binaries (installable software) and packages are in development.
They may not be fully stable and should be used with caution. We make no claims about them.