Last updated on 2025-11-11 17:49:58 CET.
| Flavor | Version | Tinstall | Tcheck | Ttotal | Status | Flags |
|---|---|---|---|---|---|---|
| r-devel-linux-x86_64-debian-clang | 1.4 | 9.81 | 101.77 | 111.58 | NOTE | |
| r-devel-linux-x86_64-debian-gcc | 1.4 | 8.61 | 71.37 | 79.98 | NOTE | |
| r-devel-linux-x86_64-fedora-clang | 1.4 | 57.00 | 132.17 | 189.17 | OK | |
| r-devel-linux-x86_64-fedora-gcc | 1.4 | 24.00 | 142.11 | 166.11 | OK | |
| r-devel-windows-x86_64 | 1.4 | 13.00 | 95.00 | 108.00 | OK | |
| r-patched-linux-x86_64 | 1.4 | 10.50 | 95.08 | 105.58 | OK | |
| r-release-linux-x86_64 | 1.4 | 10.19 | 95.21 | 105.40 | OK | |
| r-release-macos-arm64 | 1.4 | 5.00 | 36.00 | 41.00 | OK | |
| r-release-macos-x86_64 | 1.4 | 12.00 | 82.00 | 94.00 | OK | |
| r-release-windows-x86_64 | 1.4 | 13.00 | 97.00 | 110.00 | OK | |
| r-oldrel-macos-arm64 | 1.4 | 4.00 | 34.00 | 38.00 | OK | |
| r-oldrel-macos-x86_64 | 1.4 | 8.00 | 59.00 | 67.00 | OK | |
| r-oldrel-windows-x86_64 | 1.4 | 17.00 | 120.00 | 137.00 | OK |
Version: 1.4
Check: CRAN incoming feasibility
Result: NOTE
Maintainer: ‘Xiongzhi Chen <xiongzhi.chen@wsu.edu>’
No Authors@R field in DESCRIPTION.
Please add one, modifying
Authors@R: c(person(given = "Xiongzhi",
family = "Chen",
role = c("aut", "cre"),
email = "xiongzhi.chen@wsu.edu"),
person(given = c("Rebecca", "W."),
family = "Doerge",
role = "aut",
email = "rwdoerge@andrew.cmu.edu"))
as necessary.
Flavors: r-devel-linux-x86_64-debian-clang, r-devel-linux-x86_64-debian-gcc
These binaries (installable software) and packages are in development.
They may not be fully stable and should be used with caution. We make no claims about them.