Last updated on 2025-10-23 09:50:44 CEST.
Flavor | Version | Tinstall | Tcheck | Ttotal | Status | Flags |
---|---|---|---|---|---|---|
r-devel-linux-x86_64-debian-clang | 2.4 | 5.53 | 66.37 | 71.90 | NOTE | |
r-devel-linux-x86_64-debian-gcc | 2.4 | 3.75 | 48.21 | 51.96 | NOTE | |
r-devel-linux-x86_64-fedora-clang | 2.4 | 22.00 | 91.65 | 113.65 | OK | |
r-devel-linux-x86_64-fedora-gcc | 2.4 | 24.00 | 100.40 | 124.40 | OK | |
r-devel-windows-x86_64 | 2.4 | 8.00 | 72.00 | 80.00 | OK | |
r-patched-linux-x86_64 | 2.4 | 4.88 | 61.97 | 66.85 | OK | |
r-release-linux-x86_64 | 2.4 | 5.41 | 61.61 | 67.02 | OK | |
r-release-macos-arm64 | 2.4 | 4.00 | 50.00 | 54.00 | OK | |
r-release-macos-x86_64 | 2.4 | 7.00 | 85.00 | 92.00 | OK | |
r-release-windows-x86_64 | 2.4 | 8.00 | 74.00 | 82.00 | OK | |
r-oldrel-macos-arm64 | 2.4 | 2.00 | 31.00 | 33.00 | OK | |
r-oldrel-macos-x86_64 | 2.4 | 5.00 | 61.00 | 66.00 | OK | |
r-oldrel-windows-x86_64 | 2.4 | 10.00 | 89.00 | 99.00 | OK |
Version: 2.4
Check: CRAN incoming feasibility
Result: NOTE
Maintainer: ‘Joshua Millstein <joshua.millstein@usc.edu>’
Package CITATION file contains call(s) to old-style personList() or
as.personList(). Please use c() on person objects instead.
Package CITATION file contains call(s) to old-style citEntry(). Please
use bibentry() instead.
Flavors: r-devel-linux-x86_64-debian-clang, r-devel-linux-x86_64-debian-gcc
These binaries (installable software) and packages are in development.
They may not be fully stable and should be used with caution. We make no claims about them.