Last updated on 2025-02-02 16:49:07 CET.
Flavor | Version | Tinstall | Tcheck | Ttotal | Status | Flags |
---|---|---|---|---|---|---|
r-devel-linux-x86_64-debian-clang | 0.3.5 | 30.88 | 36.05 | 66.93 | NOTE | |
r-devel-linux-x86_64-debian-gcc | 0.3.5 | 22.04 | 27.27 | 49.31 | NOTE | |
r-devel-linux-x86_64-fedora-clang | 0.3.5 | 128.50 | NOTE | |||
r-devel-linux-x86_64-fedora-gcc | 0.3.5 | 119.73 | NOTE | |||
r-devel-windows-x86_64 | 0.3.5 | 39.00 | 77.00 | 116.00 | NOTE | |
r-patched-linux-x86_64 | 0.3.5 | 31.68 | 33.48 | 65.16 | NOTE | |
r-release-linux-x86_64 | 0.3.5 | 31.60 | 33.99 | 65.59 | NOTE | |
r-release-macos-arm64 | 0.3.5 | 37.00 | NOTE | |||
r-release-macos-x86_64 | 0.3.5 | 45.00 | NOTE | |||
r-release-windows-x86_64 | 0.3.5 | 41.00 | 77.00 | 118.00 | NOTE | |
r-oldrel-macos-arm64 | 0.3.5 | 43.00 | NOTE | |||
r-oldrel-macos-x86_64 | 0.3.5 | 65.00 | NOTE | |||
r-oldrel-windows-x86_64 | 0.3.5 | 46.00 | 82.00 | 128.00 | NOTE |
Version: 0.3.5
Check: C++ specification
Result: NOTE
Specified C++11: please drop specification unless essential
Flavors: r-devel-linux-x86_64-debian-clang, r-devel-linux-x86_64-debian-gcc, r-devel-linux-x86_64-fedora-clang, r-devel-linux-x86_64-fedora-gcc, r-devel-windows-x86_64, r-patched-linux-x86_64, r-release-linux-x86_64, r-release-macos-arm64, r-release-macos-x86_64, r-release-windows-x86_64, r-oldrel-macos-arm64, r-oldrel-macos-x86_64, r-oldrel-windows-x86_64
Version: 0.3.5
Check: LazyData
Result: NOTE
'LazyData' is specified without a 'data' directory
Flavors: r-patched-linux-x86_64, r-release-linux-x86_64, r-release-macos-arm64, r-release-macos-x86_64, r-release-windows-x86_64, r-oldrel-macos-arm64, r-oldrel-macos-x86_64, r-oldrel-windows-x86_64
These binaries (installable software) and packages are in development.
They may not be fully stable and should be used with caution. We make no claims about them.