CRAN Package Check Results for Package featureflag

Last updated on 2025-02-16 10:50:46 CET.

Flavor Version Tinstall Tcheck Ttotal Status Flags
r-devel-linux-x86_64-debian-clang 0.1.0 1.67 23.74 25.41 OK
r-devel-linux-x86_64-debian-gcc 0.1.0 1.29 19.44 20.73 OK
r-devel-linux-x86_64-fedora-clang 0.1.0 42.47 OK
r-devel-linux-x86_64-fedora-gcc 0.1.0 57.90 OK
r-devel-macos-arm64 0.1.0 24.00 OK
r-devel-macos-x86_64 0.1.0 43.00 OK
r-devel-windows-x86_64 0.1.0 3.00 56.00 59.00 OK
r-patched-linux-x86_64 0.1.0 1.62 22.60 24.22 NOTE
r-release-linux-x86_64 0.1.0 1.59 22.64 24.23 NOTE
r-release-macos-arm64 0.1.0 23.00 NOTE
r-release-macos-x86_64 0.1.0 35.00 NOTE
r-release-windows-x86_64 0.1.0 3.00 47.00 50.00 NOTE
r-oldrel-macos-arm64 0.1.0 24.00 NOTE
r-oldrel-macos-x86_64 0.1.0 33.00 NOTE
r-oldrel-windows-x86_64 0.1.0 4.00 46.00 50.00 NOTE

Check Details

Version: 0.1.0
Check: LazyData
Result: NOTE 'LazyData' is specified without a 'data' directory Flavors: r-patched-linux-x86_64, r-release-linux-x86_64, r-release-macos-arm64, r-release-macos-x86_64, r-release-windows-x86_64, r-oldrel-macos-arm64, r-oldrel-macos-x86_64, r-oldrel-windows-x86_64

These binaries (installable software) and packages are in development.
They may not be fully stable and should be used with caution. We make no claims about them.