CRAN Package Check Results for Package fec16

Last updated on 2025-11-12 19:51:48 CET.

Flavor Version Tinstall Tcheck Ttotal Status Flags
r-devel-linux-x86_64-debian-clang 0.1.5 6.03 53.87 59.90 NOTE
r-devel-linux-x86_64-debian-gcc 0.1.5 4.52 40.47 44.99 NOTE
r-devel-linux-x86_64-fedora-clang 0.1.5 27.00 66.24 93.24 NOTE
r-devel-linux-x86_64-fedora-gcc 0.1.5 12.00 87.37 99.37 NOTE
r-devel-windows-x86_64 0.1.5 9.00 72.00 81.00 NOTE
r-patched-linux-x86_64 0.1.5 6.37 49.46 55.83 OK
r-release-linux-x86_64 0.1.5 5.54 49.00 54.54 OK
r-release-macos-arm64 0.1.5 3.00 32.00 35.00 OK
r-release-macos-x86_64 0.1.5 4.00 227.00 231.00 OK
r-release-windows-x86_64 0.1.5 10.00 74.00 84.00 OK
r-oldrel-macos-arm64 0.1.5 4.00 39.00 43.00 OK
r-oldrel-macos-x86_64 0.1.5 7.00 77.00 84.00 OK
r-oldrel-windows-x86_64 0.1.5 12.00 83.00 95.00 OK

Check Details

Version: 0.1.5
Check: Rd files
Result: NOTE checkRd: (-1) fec16.Rd:13: height/width attributes should be in pixels Flavors: r-devel-linux-x86_64-debian-clang, r-devel-linux-x86_64-debian-gcc, r-devel-linux-x86_64-fedora-clang, r-devel-linux-x86_64-fedora-gcc, r-devel-windows-x86_64

These binaries (installable software) and packages are in development.
They may not be fully stable and should be used with caution. We make no claims about them.