Last updated on 2025-10-09 17:50:38 CEST.
Flavor | Version | Tinstall | Tcheck | Ttotal | Status | Flags |
---|---|---|---|---|---|---|
r-devel-linux-x86_64-debian-clang | 2.0.5 | 142.44 | 197.00 | 339.44 | OK | |
r-devel-linux-x86_64-debian-gcc | 2.0.5 | 90.66 | 130.89 | 221.55 | OK | |
r-devel-linux-x86_64-fedora-clang | 2.0.5 | 595.24 | OK | |||
r-devel-linux-x86_64-fedora-gcc | 2.0.5 | 555.71 | OK | |||
r-devel-windows-x86_64 | 2.0.5 | 152.00 | 191.00 | 343.00 | OK | |
r-patched-linux-x86_64 | 2.0.5 | 133.71 | 184.31 | 318.02 | OK | |
r-release-linux-x86_64 | 2.0.5 | 137.80 | 186.24 | 324.04 | OK | |
r-release-macos-arm64 | 2.0.5 | 126.00 | OK | |||
r-release-macos-x86_64 | 2.0.5 | 275.00 | OK | |||
r-release-windows-x86_64 | 2.0.5 | 147.00 | 191.00 | 338.00 | OK | |
r-oldrel-macos-arm64 | 2.0.5 | 127.00 | NOTE | |||
r-oldrel-macos-x86_64 | 2.0.5 | 296.00 | NOTE | |||
r-oldrel-windows-x86_64 | 2.0.5 | 194.00 | 251.00 | 445.00 | NOTE |
Version: 2.0.5
Check: package dependencies
Result: NOTE
Package suggested but not available for checking: ‘HonestDiDFEct’
Flavors: r-oldrel-macos-arm64, r-oldrel-macos-x86_64, r-oldrel-windows-x86_64
Version: 2.0.5
Check: installed package size
Result: NOTE
installed size is 10.2Mb
sub-directories of 1Mb or more:
data 1.2Mb
libs 8.1Mb
Flavors: r-oldrel-macos-arm64, r-oldrel-macos-x86_64
These binaries (installable software) and packages are in development.
They may not be fully stable and should be used with caution. We make no claims about them.