Last updated on 2025-11-12 19:51:48 CET.
| Flavor | Version | Tinstall | Tcheck | Ttotal | Status | Flags |
|---|---|---|---|---|---|---|
| r-devel-linux-x86_64-debian-clang | 0.1.2 | 10.47 | 500.70 | 511.17 | OK | |
| r-devel-linux-x86_64-debian-gcc | 0.1.2 | 6.62 | 300.12 | 306.74 | OK | |
| r-devel-linux-x86_64-fedora-clang | 0.1.2 | 44.00 | 832.46 | 876.46 | OK | |
| r-devel-linux-x86_64-fedora-gcc | 0.1.2 | 20.00 | 789.14 | 809.14 | OK | |
| r-devel-windows-x86_64 | 0.1.2 | 16.00 | 497.00 | 513.00 | OK | |
| r-patched-linux-x86_64 | 0.1.2 | 11.48 | 475.62 | 487.10 | OK | |
| r-release-linux-x86_64 | 0.1.2 | 9.72 | 475.86 | 485.58 | OK | |
| r-release-macos-arm64 | 0.1.2 | 5.00 | 191.00 | 196.00 | OK | |
| r-release-macos-x86_64 | 0.1.2 | 15.00 | 772.00 | 787.00 | OK | |
| r-release-windows-x86_64 | 0.1.2 | 15.00 | 496.00 | 511.00 | OK | |
| r-oldrel-macos-arm64 | 0.1.2 | 7.00 | 380.00 | 387.00 | NOTE | |
| r-oldrel-macos-x86_64 | 0.1.2 | 18.00 | 813.00 | 831.00 | NOTE | |
| r-oldrel-windows-x86_64 | 0.1.2 | 17.00 | 632.00 | 649.00 | NOTE |
Version: 0.1.2
Check: installed package size
Result: NOTE
installed size is 5.3Mb
sub-directories of 1Mb or more:
doc 2.3Mb
help 2.5Mb
Flavors: r-oldrel-macos-arm64, r-oldrel-macos-x86_64, r-oldrel-windows-x86_64
These binaries (installable software) and packages are in development.
They may not be fully stable and should be used with caution. We make no claims about them.