Last updated on 2025-10-02 23:48:51 CEST.
Flavor | Version | Tinstall | Tcheck | Ttotal | Status | Flags |
---|---|---|---|---|---|---|
r-devel-linux-x86_64-debian-clang | 1.1.4 | 7.89 | 66.65 | 74.54 | OK | |
r-devel-linux-x86_64-debian-gcc | 1.1.4 | 4.96 | 47.53 | 52.49 | OK | |
r-devel-linux-x86_64-fedora-clang | 1.1.4 | 111.58 | OK | |||
r-devel-linux-x86_64-fedora-gcc | 1.1.4 | 102.54 | OK | |||
r-devel-windows-x86_64 | 1.1.4 | 8.00 | 74.00 | 82.00 | OK | |
r-patched-linux-x86_64 | 1.1.4 | 7.55 | 59.52 | 67.07 | OK | |
r-release-linux-x86_64 | 1.1.4 | 7.20 | 59.99 | 67.19 | OK | |
r-release-macos-arm64 | 1.1.4 | 26.00 | OK | |||
r-release-macos-x86_64 | 1.1.4 | 48.00 | OK | |||
r-release-windows-x86_64 | 1.1.4 | 8.00 | 73.00 | 81.00 | OK | |
r-oldrel-macos-arm64 | 1.1.4 | 26.00 | NOTE | |||
r-oldrel-macos-x86_64 | 1.1.4 | 40.00 | NOTE | |||
r-oldrel-windows-x86_64 | 1.1.4 | 11.00 | 92.00 | 103.00 | NOTE |
Version: 1.1.4
Check: LazyData
Result: NOTE
'LazyData' is specified without a 'data' directory
Flavors: r-oldrel-macos-arm64, r-oldrel-macos-x86_64, r-oldrel-windows-x86_64
These binaries (installable software) and packages are in development.
They may not be fully stable and should be used with caution. We make no claims about them.