Last updated on 2024-07-27 15:50:17 CEST.
Flavor | Version | Tinstall | Tcheck | Ttotal | Status | Flags |
---|---|---|---|---|---|---|
r-devel-linux-x86_64-debian-clang | 1.1.4 | 7.90 | 60.68 | 68.58 | NOTE | |
r-devel-linux-x86_64-debian-gcc | 1.1.4 | NOTE | ||||
r-devel-linux-x86_64-fedora-clang | 1.1.4 | 88.20 | NOTE | |||
r-devel-linux-x86_64-fedora-gcc | 1.1.4 | 78.92 | NOTE | |||
r-devel-windows-x86_64 | 1.1.4 | 9.00 | 65.00 | 74.00 | NOTE | |
r-patched-linux-x86_64 | 1.1.4 | NOTE | ||||
r-release-linux-x86_64 | 1.1.4 | 4.34 | 55.71 | 60.05 | NOTE | |
r-release-macos-arm64 | 1.1.4 | 26.00 | NOTE | |||
r-release-macos-x86_64 | 1.1.4 | 40.00 | NOTE | |||
r-release-windows-x86_64 | 1.1.4 | 7.00 | 65.00 | 72.00 | NOTE | |
r-oldrel-macos-arm64 | 1.1.4 | 28.00 | NOTE | |||
r-oldrel-macos-x86_64 | 1.1.4 | 49.00 | NOTE | |||
r-oldrel-windows-x86_64 | 1.1.4 | 9.00 | 73.00 | 82.00 | NOTE |
Version: 1.1.4
Check: LazyData
Result: NOTE
'LazyData' is specified without a 'data' directory
Flavors: r-devel-linux-x86_64-debian-clang, r-devel-linux-x86_64-debian-gcc, r-devel-linux-x86_64-fedora-clang, r-devel-linux-x86_64-fedora-gcc, r-devel-windows-x86_64, r-patched-linux-x86_64, r-release-linux-x86_64, r-release-macos-arm64, r-release-macos-x86_64, r-release-windows-x86_64, r-oldrel-macos-arm64, r-oldrel-macos-x86_64, r-oldrel-windows-x86_64
These binaries (installable software) and packages are in development.
They may not be fully stable and should be used with caution. We make no claims about them.