Last updated on 2025-05-08 04:52:04 CEST.
Flavor | Version | Tinstall | Tcheck | Ttotal | Status | Flags |
---|---|---|---|---|---|---|
r-devel-linux-x86_64-debian-clang | 1.1.4 | 6.49 | 54.50 | 60.99 | OK | |
r-devel-linux-x86_64-debian-gcc | 1.1.4 | 3.81 | 39.40 | 43.21 | OK | |
r-devel-linux-x86_64-fedora-clang | 1.1.4 | 85.51 | OK | |||
r-devel-linux-x86_64-fedora-gcc | 1.1.4 | 89.35 | OK | |||
r-devel-windows-x86_64 | 1.1.4 | 8.00 | 68.00 | 76.00 | OK | |
r-patched-linux-x86_64 | 1.1.4 | 6.56 | 50.36 | 56.92 | OK | |
r-release-linux-x86_64 | 1.1.4 | 4.96 | 49.77 | 54.73 | OK | |
r-release-macos-arm64 | 1.1.4 | 26.00 | OK | |||
r-release-macos-x86_64 | 1.1.4 | 48.00 | OK | |||
r-release-windows-x86_64 | 1.1.4 | 8.00 | 73.00 | 81.00 | OK | |
r-oldrel-macos-arm64 | 1.1.4 | 26.00 | NOTE | |||
r-oldrel-macos-x86_64 | 1.1.4 | 40.00 | NOTE | |||
r-oldrel-windows-x86_64 | 1.1.4 | 10.00 | 82.00 | 92.00 | NOTE |
Version: 1.1.4
Check: LazyData
Result: NOTE
'LazyData' is specified without a 'data' directory
Flavors: r-oldrel-macos-arm64, r-oldrel-macos-x86_64, r-oldrel-windows-x86_64
These binaries (installable software) and packages are in development.
They may not be fully stable and should be used with caution. We make no claims about them.