Last updated on 2025-02-16 10:50:46 CET.
Flavor | Version | Tinstall | Tcheck | Ttotal | Status | Flags |
---|---|---|---|---|---|---|
r-devel-linux-x86_64-debian-clang | 1.2.9 | 4.74 | 52.06 | 56.80 | NOTE | |
r-devel-linux-x86_64-debian-gcc | 1.2.9 | 3.43 | 36.43 | 39.86 | NOTE | |
r-devel-linux-x86_64-fedora-clang | 1.2.9 | 92.03 | OK | |||
r-devel-linux-x86_64-fedora-gcc | 1.2.9 | 89.00 | OK | |||
r-devel-macos-arm64 | 1.2.9 | 29.00 | OK | |||
r-devel-macos-x86_64 | 1.2.9 | 70.00 | OK | |||
r-devel-windows-x86_64 | 1.2.9 | 8.00 | 71.00 | 79.00 | NOTE | |
r-patched-linux-x86_64 | 1.2.9 | 10.93 | 47.59 | 58.52 | OK | |
r-release-linux-x86_64 | 1.2.9 | 4.20 | 46.86 | 51.06 | OK | |
r-release-macos-arm64 | 1.2.9 | 26.00 | OK | |||
r-release-macos-x86_64 | 1.2.9 | 41.00 | OK | |||
r-release-windows-x86_64 | 1.2.9 | 7.00 | 72.00 | 79.00 | OK | |
r-oldrel-macos-arm64 | 1.2.9 | 38.00 | OK | |||
r-oldrel-macos-x86_64 | 1.2.9 | 55.00 | OK | |||
r-oldrel-windows-x86_64 | 1.2.9 | 8.00 | 86.00 | 94.00 | OK |
Version: 1.2.9
Check: Rd cross-references
Result: NOTE
Found the following Rd file(s) with Rd \link{} targets missing package
anchors:
type_vft.Rd: read_delim
Please provide package anchors for all Rd \link{} targets not in the
package itself and the base packages.
Flavors: r-devel-linux-x86_64-debian-clang, r-devel-linux-x86_64-debian-gcc, r-devel-windows-x86_64
These binaries (installable software) and packages are in development.
They may not be fully stable and should be used with caution. We make no claims about them.