Last updated on 2025-10-23 11:50:13 CEST.
Flavor | Version | Tinstall | Tcheck | Ttotal | Status | Flags |
---|---|---|---|---|---|---|
r-devel-linux-x86_64-debian-clang | 0.2.0 | 2.01 | 22.88 | 24.89 | NOTE | |
r-devel-linux-x86_64-debian-gcc | 0.2.0 | 1.53 | 18.29 | 19.82 | OK | |
r-devel-linux-x86_64-fedora-clang | 0.2.0 | 36.76 | OK | |||
r-devel-linux-x86_64-fedora-gcc | 0.2.0 | 33.22 | OK | |||
r-devel-windows-x86_64 | 0.2.0 | 4.00 | 41.00 | 45.00 | OK | |
r-patched-linux-x86_64 | 0.2.0 | 1.95 | 20.17 | 22.12 | OK | |
r-release-linux-x86_64 | 0.2.0 | 1.54 | 20.53 | 22.07 | OK | |
r-release-macos-arm64 | 0.2.0 | 1.00 | 15.00 | 16.00 | OK | |
r-release-macos-x86_64 | 0.2.0 | 2.00 | 22.00 | 24.00 | OK | |
r-release-windows-x86_64 | 0.2.0 | 4.00 | 41.00 | 45.00 | OK | |
r-oldrel-macos-arm64 | 0.2.0 | 1.00 | 18.00 | 19.00 | OK | |
r-oldrel-macos-x86_64 | 0.2.0 | 2.00 | 20.00 | 22.00 | OK | |
r-oldrel-windows-x86_64 | 0.2.0 | 5.00 | 47.00 | 52.00 | OK |
Version: 0.2.0
Check: HTML version of manual
Result: NOTE
Found the following HTML validation problems:
fgit_clone_from_url.html:58:1 (fgit_clone_from_url.Rd:16): Warning: missing </ul> before </div>
func_mk_dir.html:54:1 (func_mk_dir.Rd:14): Warning: missing </ul> before </div>
Flavor: r-devel-linux-x86_64-debian-clang
These binaries (installable software) and packages are in development.
They may not be fully stable and should be used with caution. We make no claims about them.