Last updated on 2025-05-01 14:49:09 CEST.
Flavor | Version | Tinstall | Tcheck | Ttotal | Status | Flags |
---|---|---|---|---|---|---|
r-devel-linux-x86_64-debian-clang | 1.0 | 12.10 | 89.42 | 101.52 | NOTE | |
r-devel-linux-x86_64-debian-gcc | 1.0 | 8.21 | 65.23 | 73.44 | NOTE | |
r-devel-linux-x86_64-fedora-clang | 1.0 | 146.97 | OK | |||
r-devel-linux-x86_64-fedora-gcc | 1.0 | 136.34 | OK | |||
r-devel-windows-x86_64 | 1.0 | 13.00 | 102.00 | 115.00 | OK | |
r-patched-linux-x86_64 | 1.0 | 8.91 | 83.84 | 92.75 | OK | |
r-release-linux-x86_64 | OK | |||||
r-release-macos-arm64 | 1.0 | 44.00 | OK | |||
r-release-macos-x86_64 | 1.0 | 80.00 | OK | |||
r-release-windows-x86_64 | 1.0 | 13.00 | 103.00 | 116.00 | OK | |
r-oldrel-macos-arm64 | 1.0 | 44.00 | NOTE | |||
r-oldrel-macos-x86_64 | 1.0 | 60.00 | NOTE | |||
r-oldrel-windows-x86_64 | 1.0 | 15.00 | 117.00 | 132.00 | NOTE |
Version: 1.0
Check: CRAN incoming feasibility
Result: NOTE
Maintainer: ‘Javier Zapata <jzapata@ucsb.edu>’
The Description field contains
Zapata J., Oh S. and Petersen A. (2019) <arXiv:1910.03134>.
Please refer to arXiv e-prints via their arXiv DOI <doi:10.48550/arXiv.YYMM.NNNNN>.
Flavors: r-devel-linux-x86_64-debian-clang, r-devel-linux-x86_64-debian-gcc
Version: 1.0
Check: LazyData
Result: NOTE
'LazyData' is specified without a 'data' directory
Flavors: r-oldrel-macos-arm64, r-oldrel-macos-x86_64, r-oldrel-windows-x86_64
These binaries (installable software) and packages are in development.
They may not be fully stable and should be used with caution. We make no claims about them.