Last updated on 2025-11-11 15:50:33 CET.
| Flavor | Version | Tinstall | Tcheck | Ttotal | Status | Flags |
|---|---|---|---|---|---|---|
| r-devel-linux-x86_64-debian-clang | 1.0-8 | 3.62 | 35.12 | 38.74 | NOTE | |
| r-devel-linux-x86_64-debian-gcc | 1.0-8 | 3.77 | 34.46 | 38.23 | NOTE | |
| r-devel-linux-x86_64-fedora-clang | 1.0-8 | 19.00 | 44.99 | 63.99 | OK | |
| r-devel-linux-x86_64-fedora-gcc | 1.0-8 | 55.75 | OK | |||
| r-devel-windows-x86_64 | 1.0-8 | 4.00 | 50.00 | 54.00 | OK | |
| r-patched-linux-x86_64 | 1.0-8 | 3.18 | 27.55 | 30.73 | OK | |
| r-release-linux-x86_64 | 1.0-8 | 2.81 | 27.25 | 30.06 | OK | |
| r-release-macos-arm64 | 1.0-8 | 4.00 | 27.00 | 31.00 | OK | |
| r-release-macos-x86_64 | 1.0-8 | 4.00 | 42.00 | 46.00 | OK | |
| r-release-windows-x86_64 | 1.0-8 | 4.00 | 49.00 | 53.00 | OK | |
| r-oldrel-macos-arm64 | 1.0-8 | 3.00 | 26.00 | 29.00 | OK | |
| r-oldrel-macos-x86_64 | 1.0-8 | 6.00 | 28.00 | 34.00 | OK | |
| r-oldrel-windows-x86_64 | 1.0-8 | 3.00 | 51.00 | 54.00 | OK |
Version: 1.0-8
Check: CRAN incoming feasibility
Result: NOTE
Maintainer: ‘Thomas Hoffmann <tjhoffm@gmail.com>’
No Authors@R field in DESCRIPTION.
Please add one, modifying
Authors@R: person(given = "Thomas",
family = "Hoffmann",
role = c("aut", "cre"),
email = "tjhoffm@gmail.com")
as necessary.
Package CITATION file contains call(s) to old-style personList() or
as.personList(). Please use c() on person objects instead.
Package CITATION file contains call(s) to old-style citEntry(). Please
use bibentry() instead.
Flavors: r-devel-linux-x86_64-debian-clang, r-devel-linux-x86_64-debian-gcc
These binaries (installable software) and packages are in development.
They may not be fully stable and should be used with caution. We make no claims about them.