CRAN Package Check Results for Package fhircrackr

Last updated on 2025-10-23 11:50:13 CEST.

Flavor Version Tinstall Tcheck Ttotal Status Flags
r-devel-linux-x86_64-debian-clang 2.3.0 8.21 77.84 86.05 NOTE
r-devel-linux-x86_64-debian-gcc 2.3.0 5.65 56.85 62.50 OK
r-devel-linux-x86_64-fedora-clang 2.3.0 28.00 110.37 138.37 OK
r-devel-linux-x86_64-fedora-gcc 2.3.0 17.00 122.29 139.29 OK
r-devel-windows-x86_64 2.3.0 11.00 103.00 114.00 OK
r-patched-linux-x86_64 2.3.0 9.99 71.49 81.48 OK
r-release-linux-x86_64 2.3.0 9.53 71.54 81.07 OK
r-release-macos-arm64 2.3.0 5.00 53.00 58.00 OK
r-release-macos-x86_64 2.3.0 10.00 113.00 123.00 OK
r-release-windows-x86_64 2.3.0 13.00 102.00 115.00 OK
r-oldrel-macos-arm64 2.3.0 5.00 57.00 62.00 OK
r-oldrel-macos-x86_64 2.3.0 10.00 118.00 128.00 OK
r-oldrel-windows-x86_64 2.3.0 15.00 120.00 135.00 OK

Check Details

Version: 2.3.0
Check: HTML version of manual
Result: NOTE Found the following HTML validation problems: fhir_authenticate.html:84:1 (fhir_authenticate.Rd:37): Warning: missing </ul> before </div> Flavor: r-devel-linux-x86_64-debian-clang

These binaries (installable software) and packages are in development.
They may not be fully stable and should be used with caution. We make no claims about them.