Last updated on 2025-11-13 03:51:01 CET.
| Flavor | Version | Tinstall | Tcheck | Ttotal | Status | Flags |
|---|---|---|---|---|---|---|
| r-devel-linux-x86_64-debian-clang | 1.0.1 | 10.30 | 205.71 | 216.01 | OK | |
| r-devel-linux-x86_64-debian-gcc | 1.0.1 | 7.50 | 147.49 | 154.99 | OK | |
| r-devel-linux-x86_64-fedora-clang | 1.0.1 | 46.00 | 300.95 | 346.95 | NOTE | |
| r-devel-linux-x86_64-fedora-gcc | 1.0.1 | 21.00 | 305.26 | 326.26 | NOTE | |
| r-devel-windows-x86_64 | 1.0.1 | 13.00 | 277.00 | 290.00 | OK | |
| r-patched-linux-x86_64 | 1.0.1 | 11.09 | 194.94 | 206.03 | OK | |
| r-release-linux-x86_64 | 1.0.1 | 10.71 | 196.83 | 207.54 | OK | |
| r-release-macos-arm64 | 1.0.1 | 7.00 | 142.00 | 149.00 | OK | |
| r-release-macos-x86_64 | 1.0.1 | 8.00 | 233.00 | 241.00 | OK | |
| r-release-windows-x86_64 | 1.0.1 | 13.00 | 273.00 | 286.00 | OK | |
| r-oldrel-macos-arm64 | 1.0.1 | 4.00 | 99.00 | 103.00 | OK | |
| r-oldrel-macos-x86_64 | 1.0.1 | 7.00 | 170.00 | 177.00 | OK | |
| r-oldrel-windows-x86_64 | 1.0.1 | 16.00 | 319.00 | 335.00 | OK |
Version: 1.0.1
Check: dependencies in R code
Result: NOTE
Namespaces in Imports field not imported from:
‘mgcv’ ‘numDeriv’
All declared Imports should be used.
Flavors: r-devel-linux-x86_64-fedora-clang, r-devel-linux-x86_64-fedora-gcc
These binaries (installable software) and packages are in development.
They may not be fully stable and should be used with caution. We make no claims about them.