Last updated on 2024-07-27 15:50:17 CEST.
Flavor | Version | Tinstall | Tcheck | Ttotal | Status | Flags |
---|---|---|---|---|---|---|
r-devel-linux-x86_64-debian-clang | 1.1.1 | 423.63 | 207.88 | 631.51 | OK | |
r-devel-linux-x86_64-debian-gcc | 1.1.1 | OK | ||||
r-devel-linux-x86_64-fedora-clang | 1.1.1 | 980.91 | OK | |||
r-devel-linux-x86_64-fedora-gcc | 1.1.1 | 1101.57 | OK | |||
r-devel-windows-x86_64 | 1.1.1 | 367.00 | 225.00 | 592.00 | NOTE | |
r-patched-linux-x86_64 | 1.1.1 | OK | ||||
r-release-linux-x86_64 | 1.1.1 | 344.35 | 249.22 | 593.57 | OK | |
r-release-macos-arm64 | 1.1.1 | 238.00 | NOTE | |||
r-release-macos-x86_64 | 1.1.1 | 354.00 | NOTE | |||
r-release-windows-x86_64 | 1.1.1 | 385.00 | 228.00 | 613.00 | NOTE | |
r-oldrel-macos-arm64 | 1.1.1 | 252.00 | NOTE | |||
r-oldrel-macos-x86_64 | 1.1.1 | 295.00 | NOTE | |||
r-oldrel-windows-x86_64 | 1.1.1 | 482.00 | 282.00 | 764.00 | NOTE |
Version: 1.1.1
Check: installed package size
Result: NOTE
installed size is 5.7Mb
sub-directories of 1Mb or more:
data 1.8Mb
libs 2.2Mb
Flavors: r-devel-windows-x86_64, r-release-macos-arm64, r-release-macos-x86_64, r-release-windows-x86_64, r-oldrel-macos-arm64, r-oldrel-macos-x86_64, r-oldrel-windows-x86_64
These binaries (installable software) and packages are in development.
They may not be fully stable and should be used with caution. We make no claims about them.