Last updated on 2025-02-16 10:50:46 CET.
Flavor | Version | Tinstall | Tcheck | Ttotal | Status | Flags |
---|---|---|---|---|---|---|
r-devel-linux-x86_64-debian-clang | 1.1.1 | 343.25 | 176.12 | 519.37 | OK | |
r-devel-linux-x86_64-debian-gcc | 1.1.1 | 306.90 | 158.60 | 465.50 | OK | |
r-devel-linux-x86_64-fedora-clang | 1.1.1 | 962.14 | OK | |||
r-devel-linux-x86_64-fedora-gcc | 1.1.1 | 1158.56 | OK | |||
r-devel-macos-arm64 | 1.1.1 | 222.00 | OK | |||
r-devel-macos-x86_64 | 1.1.1 | 289.00 | OK | |||
r-devel-windows-x86_64 | 1.1.1 | 362.00 | 234.00 | 596.00 | OK | |
r-patched-linux-x86_64 | 1.1.1 | 397.46 | 210.86 | 608.32 | OK | |
r-release-linux-x86_64 | 1.1.1 | 409.86 | 213.29 | 623.15 | OK | |
r-release-macos-arm64 | 1.1.1 | 238.00 | NOTE | |||
r-release-macos-x86_64 | 1.1.1 | 354.00 | NOTE | |||
r-release-windows-x86_64 | 1.1.1 | 363.00 | 232.00 | 595.00 | NOTE | |
r-oldrel-macos-arm64 | 1.1.1 | 252.00 | NOTE | |||
r-oldrel-macos-x86_64 | 1.1.1 | 295.00 | NOTE | |||
r-oldrel-windows-x86_64 | 1.1.1 | 480.00 | 268.00 | 748.00 | NOTE |
Version: 1.1.1
Check: installed package size
Result: NOTE
installed size is 61.9Mb
sub-directories of 1Mb or more:
data 2.7Mb
libs 57.5Mb
Flavors: r-release-macos-arm64, r-release-macos-x86_64, r-release-windows-x86_64, r-oldrel-macos-arm64, r-oldrel-macos-x86_64, r-oldrel-windows-x86_64
These binaries (installable software) and packages are in development.
They may not be fully stable and should be used with caution. We make no claims about them.