Last updated on 2025-05-21 21:49:16 CEST.
Flavor | Version | Tinstall | Tcheck | Ttotal | Status | Flags |
---|---|---|---|---|---|---|
r-devel-linux-x86_64-debian-clang | 1.1.2 | 346.61 | 179.53 | 526.14 | OK | |
r-devel-linux-x86_64-debian-gcc | 1.1.2 | 303.68 | 163.02 | 466.70 | OK | |
r-devel-linux-x86_64-fedora-clang | 1.1.2 | 895.34 | OK | |||
r-devel-linux-x86_64-fedora-gcc | 1.1.2 | 1144.52 | OK | |||
r-devel-windows-x86_64 | 1.1.2 | 375.00 | 285.00 | 660.00 | OK | |
r-patched-linux-x86_64 | 1.1.2 | 395.17 | 221.26 | 616.43 | OK | |
r-release-linux-x86_64 | 1.1.2 | 400.43 | 222.22 | 622.65 | OK | |
r-release-macos-arm64 | 1.1.2 | 213.00 | OK | |||
r-release-macos-x86_64 | 1.1.2 | 248.00 | OK | |||
r-release-windows-x86_64 | 1.1.2 | 368.00 | 254.00 | 622.00 | OK | |
r-oldrel-macos-arm64 | 1.1.2 | 205.00 | NOTE | |||
r-oldrel-macos-x86_64 | 1.1.2 | 263.00 | NOTE | |||
r-oldrel-windows-x86_64 | 1.1.2 | 447.00 | 294.00 | 741.00 | NOTE |
Version: 1.1.2
Check: installed package size
Result: NOTE
installed size is 61.5Mb
sub-directories of 1Mb or more:
data 1.9Mb
libs 57.6Mb
Flavors: r-oldrel-macos-arm64, r-oldrel-macos-x86_64, r-oldrel-windows-x86_64
These binaries (installable software) and packages are in development.
They may not be fully stable and should be used with caution. We make no claims about them.