Last updated on 2025-02-16 10:50:46 CET.
Flavor | Version | Tinstall | Tcheck | Ttotal | Status | Flags |
---|---|---|---|---|---|---|
r-devel-linux-x86_64-debian-clang | 0.9.1 | 11.09 | 100.23 | 111.32 | OK | |
r-devel-linux-x86_64-debian-gcc | 0.9.1 | 8.21 | 74.47 | 82.68 | OK | |
r-devel-linux-x86_64-fedora-clang | 0.9.1 | 181.03 | OK | |||
r-devel-linux-x86_64-fedora-gcc | 0.9.1 | 169.58 | OK | |||
r-devel-macos-arm64 | 0.9.1 | 48.00 | OK | |||
r-devel-macos-x86_64 | 0.9.1 | 115.00 | OK | |||
r-devel-windows-x86_64 | 0.9.1 | 13.00 | 110.00 | 123.00 | OK | |
r-patched-linux-x86_64 | 0.9.1 | 10.89 | 90.02 | 100.91 | OK | |
r-release-linux-x86_64 | 0.9.1 | 11.67 | 91.24 | 102.91 | OK | |
r-release-macos-arm64 | 0.9.1 | 52.00 | OK | |||
r-release-macos-x86_64 | 0.9.1 | 76.00 | NOTE | |||
r-release-windows-x86_64 | 0.9.1 | 14.00 | 106.00 | 120.00 | OK | |
r-oldrel-macos-arm64 | 0.9.1 | 54.00 | OK | |||
r-oldrel-macos-x86_64 | 0.9.1 | 90.00 | OK | |||
r-oldrel-windows-x86_64 | 0.9.1 | 17.00 | 125.00 | 142.00 | OK |
Version: 0.9.1
Check: package dependencies
Result: NOTE
Package suggested but not available for checking: ‘TreeSummarizedExperiment’
Flavor: r-release-macos-x86_64
These binaries (installable software) and packages are in development.
They may not be fully stable and should be used with caution. We make no claims about them.