Last updated on 2024-07-27 15:50:17 CEST.
Flavor | Version | Tinstall | Tcheck | Ttotal | Status | Flags |
---|---|---|---|---|---|---|
r-devel-linux-x86_64-debian-clang | 0.8.0 | 14.56 | 124.77 | 139.33 | OK | |
r-devel-linux-x86_64-debian-gcc | 0.8.0 | OK | ||||
r-devel-linux-x86_64-fedora-clang | 0.8.0 | 180.43 | OK | |||
r-devel-linux-x86_64-fedora-gcc | 0.8.0 | 170.74 | OK | |||
r-devel-windows-x86_64 | 0.8.0 | 15.00 | 105.00 | 120.00 | OK | |
r-patched-linux-x86_64 | 0.8.0 | OK | ||||
r-release-linux-x86_64 | 0.8.0 | 8.74 | 118.92 | 127.66 | OK | |
r-release-macos-arm64 | 0.8.0 | 51.00 | NOTE | |||
r-release-macos-x86_64 | 0.8.0 | 138.00 | NOTE | |||
r-release-windows-x86_64 | 0.8.0 | 14.00 | 104.00 | 118.00 | OK | |
r-oldrel-macos-arm64 | 0.8.0 | 62.00 | OK | |||
r-oldrel-macos-x86_64 | 0.8.0 | 106.00 | OK | |||
r-oldrel-windows-x86_64 | 0.8.0 | 17.00 | 128.00 | 145.00 | OK |
Version: 0.8.0
Check: package dependencies
Result: NOTE
Package suggested but not available for checking: ‘TreeSummarizedExperiment’
Flavors: r-release-macos-arm64, r-release-macos-x86_64
These binaries (installable software) and packages are in development.
They may not be fully stable and should be used with caution. We make no claims about them.