Last updated on 2025-05-08 04:52:04 CEST.
Flavor | Version | Tinstall | Tcheck | Ttotal | Status | Flags |
---|---|---|---|---|---|---|
r-devel-linux-x86_64-debian-clang | 0.9.1 | 13.49 | 107.28 | 120.77 | OK | |
r-devel-linux-x86_64-debian-gcc | 0.9.1 | 9.15 | 75.97 | 85.12 | OK | |
r-devel-linux-x86_64-fedora-clang | 0.9.1 | 189.34 | OK | |||
r-devel-linux-x86_64-fedora-gcc | 0.9.1 | 168.71 | OK | |||
r-devel-windows-x86_64 | 0.9.1 | 14.00 | 106.00 | 120.00 | OK | |
r-patched-linux-x86_64 | 0.9.1 | 10.25 | 98.24 | 108.49 | OK | |
r-release-linux-x86_64 | 0.9.1 | 12.57 | 98.88 | 111.45 | OK | |
r-release-macos-arm64 | 0.9.1 | 49.00 | OK | |||
r-release-macos-x86_64 | 0.9.1 | 115.00 | OK | |||
r-release-windows-x86_64 | 0.9.1 | 15.00 | 104.00 | 119.00 | OK | |
r-oldrel-macos-arm64 | 0.9.1 | 52.00 | OK | |||
r-oldrel-macos-x86_64 | 0.9.1 | 76.00 | NOTE | |||
r-oldrel-windows-x86_64 | 0.9.1 | 18.00 | 133.00 | 151.00 | OK |
Version: 0.9.1
Check: package dependencies
Result: NOTE
Package suggested but not available for checking: ‘TreeSummarizedExperiment’
Flavor: r-oldrel-macos-x86_64
These binaries (installable software) and packages are in development.
They may not be fully stable and should be used with caution. We make no claims about them.