Last updated on 2025-05-01 12:49:28 CEST.
Flavor | Version | Tinstall | Tcheck | Ttotal | Status | Flags |
---|---|---|---|---|---|---|
r-devel-linux-x86_64-debian-clang | 0.2-7 | 3.79 | 38.26 | 42.05 | NOTE | |
r-devel-linux-x86_64-debian-gcc | 0.2-7 | 3.92 | 30.40 | 34.32 | NOTE | |
r-devel-linux-x86_64-fedora-clang | 0.2-7 | 67.17 | OK | |||
r-devel-linux-x86_64-fedora-gcc | 0.2-7 | 63.81 | OK | |||
r-devel-windows-x86_64 | 0.2-7 | 6.00 | 58.00 | 64.00 | OK | |
r-patched-linux-x86_64 | 0.2-7 | 4.33 | 37.18 | 41.51 | OK | |
r-release-linux-x86_64 | OK | |||||
r-release-macos-arm64 | 0.2-7 | 32.00 | OK | |||
r-release-macos-x86_64 | 0.2-7 | 47.00 | OK | |||
r-release-windows-x86_64 | 0.2-7 | 6.00 | 66.00 | 72.00 | OK | |
r-oldrel-macos-arm64 | 0.2-7 | 25.00 | OK | |||
r-oldrel-macos-x86_64 | 0.2-7 | 70.00 | OK | |||
r-oldrel-windows-x86_64 | 0.2-7 | 7.00 | 62.00 | 69.00 | OK |
Version: 0.2-7
Check: CRAN incoming feasibility
Result: NOTE
Maintainer: ‘Roger D. Peng <roger.peng@austin.utexas.edu>’
No Authors@R field in DESCRIPTION.
Please add one, modifying
Authors@R: person(given = c("Roger", "D."),
family = "Peng",
role = c("aut", "cre"),
email = "roger.peng@austin.utexas.edu")
as necessary.
Flavors: r-devel-linux-x86_64-debian-clang, r-devel-linux-x86_64-debian-gcc
These binaries (installable software) and packages are in development.
They may not be fully stable and should be used with caution. We make no claims about them.