CRAN Package Check Results for Package files

Last updated on 2025-11-11 15:50:34 CET.

Flavor Version Tinstall Tcheck Ttotal Status Flags
r-devel-linux-x86_64-debian-clang 0.0.1 1.63 17.90 19.53 OK
r-devel-linux-x86_64-debian-gcc 0.0.1 1.24 15.43 16.67 OK
r-devel-linux-x86_64-fedora-clang 0.0.1 29.89 OK
r-devel-linux-x86_64-fedora-gcc 0.0.1 27.76 OK
r-devel-windows-x86_64 0.0.1 4.00 34.00 38.00 OK
r-patched-linux-x86_64 0.0.1 1.61 17.16 18.77 OK
r-release-linux-x86_64 0.0.1 1.65 17.01 18.66 OK
r-release-macos-arm64 0.0.1 1.00 13.00 14.00 OK
r-release-macos-x86_64 0.0.1 1.00 20.00 21.00 OK
r-release-windows-x86_64 0.0.1 2.00 33.00 35.00 OK
r-oldrel-macos-arm64 0.0.1 1.00 13.00 14.00 NOTE
r-oldrel-macos-x86_64 0.0.1 2.00 17.00 19.00 NOTE
r-oldrel-windows-x86_64 0.0.1 2.00 35.00 37.00 NOTE

Check Details

Version: 0.0.1
Check: LazyData
Result: NOTE 'LazyData' is specified without a 'data' directory Flavors: r-oldrel-macos-arm64, r-oldrel-macos-x86_64, r-oldrel-windows-x86_64

These binaries (installable software) and packages are in development.
They may not be fully stable and should be used with caution. We make no claims about them.