CRAN Package Check Results for Package filling

Last updated on 2025-05-08 04:52:05 CEST.

Flavor Version Tinstall Tcheck Ttotal Status Flags
r-devel-linux-x86_64-debian-clang 0.2.3 45.56 120.89 166.45 NOTE
r-devel-linux-x86_64-debian-gcc 0.2.3 33.44 84.73 118.17 NOTE
r-devel-linux-x86_64-fedora-clang 0.2.3 300.01 NOTE
r-devel-linux-x86_64-fedora-gcc 0.2.3 268.80 NOTE
r-devel-windows-x86_64 0.2.3 54.00 136.00 190.00 NOTE
r-patched-linux-x86_64 0.2.3 44.93 113.20 158.13 NOTE
r-release-linux-x86_64 0.2.3 46.44 112.77 159.21 NOTE
r-release-macos-arm64 0.2.3 68.00 NOTE
r-release-macos-x86_64 0.2.3 144.00 NOTE
r-release-windows-x86_64 0.2.3 55.00 136.00 191.00 NOTE
r-oldrel-macos-arm64 0.2.3 65.00 NOTE
r-oldrel-macos-x86_64 0.2.3 100.00 NOTE
r-oldrel-windows-x86_64 0.2.3 66.00 181.00 247.00 NOTE

Check Details

Version: 0.2.3
Check: C++ specification
Result: NOTE Specified C++11: please drop specification unless essential Flavors: r-devel-linux-x86_64-debian-clang, r-devel-linux-x86_64-debian-gcc, r-devel-linux-x86_64-fedora-clang, r-devel-linux-x86_64-fedora-gcc, r-devel-windows-x86_64, r-patched-linux-x86_64, r-release-linux-x86_64, r-release-macos-arm64, r-release-macos-x86_64, r-release-windows-x86_64, r-oldrel-macos-arm64, r-oldrel-macos-x86_64, r-oldrel-windows-x86_64

These binaries (installable software) and packages are in development.
They may not be fully stable and should be used with caution. We make no claims about them.