Last updated on 2024-07-27 15:50:17 CEST.
Flavor | Version | Tinstall | Tcheck | Ttotal | Status | Flags |
---|---|---|---|---|---|---|
r-devel-linux-x86_64-debian-clang | 0.2.3 | 62.07 | 150.30 | 212.37 | NOTE | |
r-devel-linux-x86_64-debian-gcc | 0.2.3 | NOTE | ||||
r-devel-linux-x86_64-fedora-clang | 0.2.3 | 290.84 | NOTE | |||
r-devel-linux-x86_64-fedora-gcc | 0.2.3 | 266.79 | NOTE | |||
r-devel-windows-x86_64 | 0.2.3 | 53.00 | 131.00 | 184.00 | NOTE | |
r-patched-linux-x86_64 | 0.2.3 | NOTE | ||||
r-release-linux-x86_64 | 0.2.3 | 50.02 | 141.73 | 191.75 | NOTE | |
r-release-macos-arm64 | 0.2.3 | 65.00 | NOTE | |||
r-release-macos-x86_64 | 0.2.3 | 100.00 | NOTE | |||
r-release-windows-x86_64 | 0.2.3 | 63.00 | 130.00 | 193.00 | NOTE | |
r-oldrel-macos-arm64 | 0.2.3 | 76.00 | NOTE | |||
r-oldrel-macos-x86_64 | 0.2.3 | 138.00 | NOTE | |||
r-oldrel-windows-x86_64 | 0.2.3 | 62.00 | 163.00 | 225.00 | NOTE |
Version: 0.2.3
Check: C++ specification
Result: NOTE
Specified C++11: please drop specification unless essential
Flavors: r-devel-linux-x86_64-debian-clang, r-devel-linux-x86_64-debian-gcc, r-devel-linux-x86_64-fedora-clang, r-devel-linux-x86_64-fedora-gcc, r-devel-windows-x86_64, r-patched-linux-x86_64, r-release-linux-x86_64, r-release-macos-arm64, r-release-macos-x86_64, r-release-windows-x86_64, r-oldrel-macos-arm64, r-oldrel-macos-x86_64, r-oldrel-windows-x86_64
These binaries (installable software) and packages are in development.
They may not be fully stable and should be used with caution. We make no claims about them.