CRAN Package Check Results for Package filterNHP

Last updated on 2025-11-13 01:50:20 CET.

Flavor Version Tinstall Tcheck Ttotal Status Flags
r-devel-linux-x86_64-debian-clang 0.1.2 5.57 36.84 42.41 OK
r-devel-linux-x86_64-debian-gcc 0.1.2 4.48 29.95 34.43 OK
r-devel-linux-x86_64-fedora-clang 0.1.2 24.00 42.04 66.04 NOTE
r-devel-linux-x86_64-fedora-gcc 0.1.2 11.00 49.10 60.10 NOTE
r-devel-windows-x86_64 0.1.2 9.00 52.00 61.00 OK
r-patched-linux-x86_64 0.1.2 5.13 34.43 39.56 OK
r-release-linux-x86_64 0.1.2 4.84 34.30 39.14 OK
r-release-macos-arm64 0.1.2 4.00 25.00 29.00 OK
r-release-macos-x86_64 0.1.2 5.00 34.00 39.00 OK
r-release-windows-x86_64 0.1.2 9.00 51.00 60.00 OK
r-oldrel-macos-arm64 0.1.2 3.00 19.00 22.00 OK
r-oldrel-macos-x86_64 0.1.2 4.00 29.00 33.00 OK
r-oldrel-windows-x86_64 0.1.2 11.00 61.00 72.00 OK

Check Details

Version: 0.1.2
Check: dependencies in R code
Result: NOTE Namespaces in Imports field not imported from: ‘rclipboard’ ‘shinyBS’ ‘shinyWidgets’ ‘shinyjs’ All declared Imports should be used. Flavors: r-devel-linux-x86_64-fedora-clang, r-devel-linux-x86_64-fedora-gcc

These binaries (installable software) and packages are in development.
They may not be fully stable and should be used with caution. We make no claims about them.