CRAN Package Check Results for Package finalfit

Last updated on 2025-05-08 04:52:05 CEST.

Flavor Version Tinstall Tcheck Ttotal Status Flags
r-devel-linux-x86_64-debian-clang 1.0.8 15.04 386.96 402.00 OK
r-devel-linux-x86_64-debian-gcc 1.0.8 11.30 271.78 283.08 OK
r-devel-linux-x86_64-fedora-clang 1.0.8 660.86 OK
r-devel-linux-x86_64-fedora-gcc 1.0.8 614.70 OK
r-devel-windows-x86_64 1.0.8 18.00 370.00 388.00 OK
r-patched-linux-x86_64 1.0.8 15.75 366.49 382.24 OK
r-release-linux-x86_64 1.0.8 12.96 368.23 381.19 OK
r-release-macos-arm64 1.0.8 205.00 OK
r-release-macos-x86_64 1.0.8 386.00 OK
r-release-windows-x86_64 1.0.8 17.00 365.00 382.00 OK
r-oldrel-macos-arm64 1.0.8 137.00 NOTE
r-oldrel-macos-x86_64 1.0.8 228.00 NOTE
r-oldrel-windows-x86_64 1.0.8 25.00 492.00 517.00 NOTE

Check Details

Version: 1.0.8
Check: installed package size
Result: NOTE installed size is 5.6Mb sub-directories of 1Mb or more: doc 4.9Mb Flavors: r-oldrel-macos-arm64, r-oldrel-macos-x86_64, r-oldrel-windows-x86_64

These binaries (installable software) and packages are in development.
They may not be fully stable and should be used with caution. We make no claims about them.