Last updated on 2025-07-02 01:51:37 CEST.
Flavor | Version | Tinstall | Tcheck | Ttotal | Status | Flags |
---|---|---|---|---|---|---|
r-devel-linux-x86_64-debian-clang | 1.0.8 | 17.93 | 379.55 | 397.48 | OK | |
r-devel-linux-x86_64-debian-gcc | 1.0.8 | 11.05 | 272.93 | 283.98 | OK | |
r-devel-linux-x86_64-fedora-clang | 1.0.8 | 619.84 | OK | |||
r-devel-linux-x86_64-fedora-gcc | 1.0.8 | 618.03 | OK | |||
r-devel-windows-x86_64 | 1.0.8 | 18.00 | 377.00 | 395.00 | OK | |
r-patched-linux-x86_64 | OK | |||||
r-release-linux-x86_64 | 1.0.8 | 15.86 | 367.82 | 383.68 | OK | |
r-release-macos-arm64 | 1.0.8 | 205.00 | OK | |||
r-release-macos-x86_64 | 1.0.8 | 386.00 | OK | |||
r-release-windows-x86_64 | 1.0.8 | 19.00 | 370.00 | 389.00 | OK | |
r-oldrel-macos-arm64 | 1.0.8 | 137.00 | NOTE | |||
r-oldrel-macos-x86_64 | 1.0.8 | 228.00 | NOTE | |||
r-oldrel-windows-x86_64 | 1.0.8 | 23.00 | 490.00 | 513.00 | NOTE |
Version: 1.0.8
Check: installed package size
Result: NOTE
installed size is 5.6Mb
sub-directories of 1Mb or more:
doc 4.9Mb
Flavors: r-oldrel-macos-arm64, r-oldrel-macos-x86_64, r-oldrel-windows-x86_64
These binaries (installable software) and packages are in development.
They may not be fully stable and should be used with caution. We make no claims about them.