Last updated on 2025-02-16 10:50:46 CET.
Flavor | Version | Tinstall | Tcheck | Ttotal | Status | Flags |
---|---|---|---|---|---|---|
r-devel-linux-x86_64-debian-clang | 0.2.1 | 21.77 | 76.84 | 98.61 | OK | |
r-devel-linux-x86_64-debian-gcc | 0.2.1 | 19.72 | 60.69 | 80.41 | OK | |
r-devel-linux-x86_64-fedora-clang | 0.2.1 | 173.48 | OK | |||
r-devel-linux-x86_64-fedora-gcc | 0.2.1 | 215.94 | OK | |||
r-devel-macos-arm64 | 0.2.1 | 86.00 | OK | |||
r-devel-macos-x86_64 | 0.2.1 | 170.00 | OK | |||
r-devel-windows-x86_64 | 0.2.1 | 27.00 | 110.00 | 137.00 | OK | |
r-patched-linux-x86_64 | 0.2.1 | 27.08 | 72.55 | 99.63 | OK | |
r-release-linux-x86_64 | 0.2.1 | 24.08 | 73.14 | 97.22 | OK | |
r-release-macos-arm64 | 0.2.1 | 83.00 | NOTE | |||
r-release-macos-x86_64 | 0.2.1 | 125.00 | NOTE | |||
r-release-windows-x86_64 | 0.2.1 | 27.00 | 114.00 | 141.00 | OK | |
r-oldrel-macos-arm64 | 0.2.1 | 88.00 | NOTE | |||
r-oldrel-macos-x86_64 | 0.2.1 | 191.00 | NOTE | |||
r-oldrel-windows-x86_64 | 0.2.1 | 34.00 | 144.00 | 178.00 | OK |
Version: 0.2.1
Check: installed package size
Result: NOTE
installed size is 8.4Mb
sub-directories of 1Mb or more:
doc 1.1Mb
libs 7.1Mb
Flavors: r-release-macos-arm64, r-release-macos-x86_64, r-oldrel-macos-arm64, r-oldrel-macos-x86_64
These binaries (installable software) and packages are in development.
They may not be fully stable and should be used with caution. We make no claims about them.