CRAN Package Check Results for Package finalsize

Last updated on 2025-07-27 01:48:21 CEST.

Flavor Version Tinstall Tcheck Ttotal Status Flags
r-devel-linux-x86_64-debian-clang 0.2.1 25.01 80.45 105.46 OK
r-devel-linux-x86_64-debian-gcc 0.2.1 17.69 63.00 80.69 OK
r-devel-linux-x86_64-fedora-clang 0.2.1 158.88 OK
r-devel-linux-x86_64-fedora-gcc 0.2.1 192.39 OK
r-devel-windows-x86_64 0.2.1 29.00 109.00 138.00 OK
r-patched-linux-x86_64 0.2.1 27.25 74.41 101.66 OK
r-release-linux-x86_64 0.2.1 25.22 75.89 101.11 OK
r-release-macos-arm64 0.2.1 95.00 OK
r-release-macos-x86_64 0.2.1 168.00 OK
r-release-windows-x86_64 0.2.1 28.00 112.00 140.00 OK
r-oldrel-macos-arm64 0.2.1 83.00 NOTE
r-oldrel-macos-x86_64 0.2.1 125.00 NOTE
r-oldrel-windows-x86_64 0.2.1 33.00 135.00 168.00 OK

Check Details

Version: 0.2.1
Check: installed package size
Result: NOTE installed size is 8.4Mb sub-directories of 1Mb or more: doc 1.1Mb libs 7.1Mb Flavors: r-oldrel-macos-arm64, r-oldrel-macos-x86_64

These binaries (installable software) and packages are in development.
They may not be fully stable and should be used with caution. We make no claims about them.