Last updated on 2025-11-12 12:53:09 CET.
| Flavor | Version | Tinstall | Tcheck | Ttotal | Status | Flags |
|---|---|---|---|---|---|---|
| r-devel-linux-x86_64-debian-clang | 0.4.0 | 6.20 | 54.58 | 60.78 | OK | |
| r-devel-linux-x86_64-debian-gcc | 0.4.0 | 4.70 | 41.19 | 45.89 | OK | |
| r-devel-linux-x86_64-fedora-clang | 0.4.0 | 27.00 | 66.76 | 93.76 | OK | |
| r-devel-linux-x86_64-fedora-gcc | 0.4.0 | 12.00 | 72.97 | 84.97 | OK | |
| r-devel-windows-x86_64 | 0.4.0 | 9.00 | 64.00 | 73.00 | OK | |
| r-patched-linux-x86_64 | 0.4.0 | 5.37 | 50.00 | 55.37 | OK | |
| r-release-linux-x86_64 | 0.4.0 | 5.81 | 49.79 | 55.60 | OK | |
| r-release-macos-arm64 | 0.4.0 | 5.00 | 40.00 | 45.00 | OK | |
| r-release-macos-x86_64 | 0.4.0 | 5.00 | 61.00 | 66.00 | OK | |
| r-release-windows-x86_64 | 0.4.0 | 7.00 | 63.00 | 70.00 | OK | |
| r-oldrel-macos-arm64 | 0.4.0 | 3.00 | 25.00 | 28.00 | NOTE | |
| r-oldrel-macos-x86_64 | 0.4.0 | 7.00 | 53.00 | 60.00 | NOTE | |
| r-oldrel-windows-x86_64 | 0.4.0 | 10.00 | 79.00 | 89.00 | NOTE |
Version: 0.4.0
Check: LazyData
Result: NOTE
'LazyData' is specified without a 'data' directory
Flavors: r-oldrel-macos-arm64, r-oldrel-macos-x86_64, r-oldrel-windows-x86_64
These binaries (installable software) and packages are in development.
They may not be fully stable and should be used with caution. We make no claims about them.