CRAN Package Check Results for Package findR

Last updated on 2025-07-26 01:50:50 CEST.

Flavor Version Tinstall Tcheck Ttotal Status Flags
r-devel-linux-x86_64-debian-clang 0.2.1 2.11 19.51 21.62 OK
r-devel-linux-x86_64-debian-gcc 0.2.1 1.42 16.65 18.07 OK
r-devel-linux-x86_64-fedora-clang 0.2.1 32.30 OK
r-devel-linux-x86_64-fedora-gcc 0.2.1 31.42 OK
r-devel-windows-x86_64 0.2.1 4.00 48.00 52.00 OK
r-patched-linux-x86_64 0.2.1 1.81 18.39 20.20 OK
r-release-linux-x86_64 0.2.1 1.50 18.45 19.95 OK
r-release-macos-arm64 0.2.1 16.00 OK
r-release-macos-x86_64 0.2.1 26.00 OK
r-release-windows-x86_64 0.2.1 4.00 49.00 53.00 OK
r-oldrel-macos-arm64 0.2.1 14.00 NOTE
r-oldrel-macos-x86_64 0.2.1 21.00 NOTE
r-oldrel-windows-x86_64 0.2.1 4.00 42.00 46.00 NOTE

Check Details

Version: 0.2.1
Check: LazyData
Result: NOTE 'LazyData' is specified without a 'data' directory Flavors: r-oldrel-macos-arm64, r-oldrel-macos-x86_64, r-oldrel-windows-x86_64

These binaries (installable software) and packages are in development.
They may not be fully stable and should be used with caution. We make no claims about them.