Last updated on 2025-02-16 10:50:46 CET.
Flavor | Version | Tinstall | Tcheck | Ttotal | Status | Flags |
---|---|---|---|---|---|---|
r-devel-linux-x86_64-debian-clang | 0.1.3 | 5.11 | 43.70 | 48.81 | OK | |
r-devel-linux-x86_64-debian-gcc | 0.1.3 | 3.50 | 30.85 | 34.35 | OK | |
r-devel-linux-x86_64-fedora-clang | 0.1.3 | 79.69 | OK | |||
r-devel-linux-x86_64-fedora-gcc | 0.1.3 | 75.62 | OK | |||
r-devel-macos-arm64 | 0.1.3 | 25.00 | OK | |||
r-devel-macos-x86_64 | 0.1.3 | 45.00 | OK | |||
r-devel-windows-x86_64 | 0.1.3 | 7.00 | 61.00 | 68.00 | OK | |
r-patched-linux-x86_64 | 0.1.3 | 5.30 | 40.56 | 45.86 | NOTE | |
r-release-linux-x86_64 | 0.1.3 | 4.86 | 40.93 | 45.79 | NOTE | |
r-release-macos-arm64 | 0.1.3 | 22.00 | NOTE | |||
r-release-macos-x86_64 | 0.1.3 | 47.00 | NOTE | |||
r-release-windows-x86_64 | 0.1.3 | 8.00 | 60.00 | 68.00 | NOTE | |
r-oldrel-macos-arm64 | 0.1.3 | 33.00 | NOTE | |||
r-oldrel-macos-x86_64 | 0.1.3 | 39.00 | NOTE | |||
r-oldrel-windows-x86_64 | 0.1.3 | 8.00 | 67.00 | 75.00 | NOTE |
Version: 0.1.3
Check: LazyData
Result: NOTE
'LazyData' is specified without a 'data' directory
Flavors: r-patched-linux-x86_64, r-release-linux-x86_64, r-release-macos-arm64, r-release-macos-x86_64, r-release-windows-x86_64, r-oldrel-macos-arm64, r-oldrel-macos-x86_64, r-oldrel-windows-x86_64
These binaries (installable software) and packages are in development.
They may not be fully stable and should be used with caution. We make no claims about them.