CRAN Package Check Results for Package finetune

Last updated on 2025-04-15 00:50:11 CEST.

Flavor Version Tinstall Tcheck Ttotal Status Flags
r-devel-linux-x86_64-debian-clang 1.2.0 15.82 158.39 174.21 NOTE
r-devel-linux-x86_64-debian-gcc 1.2.0 11.67 111.94 123.61 NOTE
r-devel-linux-x86_64-fedora-clang 1.2.0 279.50 OK
r-devel-linux-x86_64-fedora-gcc 1.2.0 273.50 OK
r-devel-windows-x86_64 1.2.0 15.00 152.00 167.00 NOTE
r-patched-linux-x86_64 1.2.0 14.95 148.17 163.12 NOTE
r-release-linux-x86_64 1.2.0 12.83 149.41 162.24 NOTE
r-release-macos-arm64 1.2.0 74.00 OK
r-release-macos-x86_64 1.2.0 162.00 OK
r-release-windows-x86_64 1.2.0 15.00 153.00 168.00 NOTE
r-oldrel-macos-arm64 1.2.0 72.00 OK
r-oldrel-macos-x86_64 1.2.0 100.00 OK
r-oldrel-windows-x86_64 1.2.0 20.00 192.00 212.00 OK

Check Details

Version: 1.2.0
Check: Rd cross-references
Result: NOTE Found the following Rd file(s) with Rd \link{} targets missing package anchors: collect_predictions.Rd: collect_metrics, tune show_best.Rd: show_best tune_sim_anneal.Rd: tune_grid, tune_bayes Please provide package anchors for all Rd \link{} targets not in the package itself and the base packages. Flavors: r-devel-linux-x86_64-debian-clang, r-devel-linux-x86_64-debian-gcc, r-devel-windows-x86_64, r-patched-linux-x86_64, r-release-linux-x86_64, r-release-windows-x86_64

These binaries (installable software) and packages are in development.
They may not be fully stable and should be used with caution. We make no claims about them.