Last updated on 2024-07-27 15:50:17 CEST.
Flavor | Version | Tinstall | Tcheck | Ttotal | Status | Flags |
---|---|---|---|---|---|---|
r-devel-linux-x86_64-debian-clang | 1.2.0 | 17.77 | 197.30 | 215.07 | OK | |
r-devel-linux-x86_64-debian-gcc | 1.2.0 | NOTE | ||||
r-devel-linux-x86_64-fedora-clang | 1.2.0 | 286.86 | OK | |||
r-devel-linux-x86_64-fedora-gcc | 1.2.0 | 251.13 | OK | |||
r-devel-windows-x86_64 | 1.2.0 | 17.00 | 153.00 | 170.00 | NOTE | |
r-patched-linux-x86_64 | 1.2.0 | OK | ||||
r-release-linux-x86_64 | 1.2.0 | 11.42 | 189.84 | 201.26 | OK | |
r-release-macos-arm64 | 1.2.0 | 72.00 | OK | |||
r-release-macos-x86_64 | 1.2.0 | 100.00 | OK | |||
r-release-windows-x86_64 | 1.2.0 | 15.00 | 153.00 | 168.00 | OK | |
r-oldrel-macos-arm64 | 1.2.0 | 77.00 | OK | |||
r-oldrel-macos-x86_64 | 1.2.0 | 202.00 | OK | |||
r-oldrel-windows-x86_64 | 1.2.0 | 20.00 | 195.00 | 215.00 | OK |
Version: 1.2.0
Check: Rd cross-references
Result: NOTE
Found the following Rd file(s) with Rd \link{} targets missing package
anchors:
collect_predictions.Rd: collect_metrics, tune
show_best.Rd: show_best
tune_sim_anneal.Rd: tune_grid, tune_bayes
Please provide package anchors for all Rd \link{} targets not in the
package itself and the base packages.
Flavors: r-devel-linux-x86_64-debian-gcc, r-devel-windows-x86_64
These binaries (installable software) and packages are in development.
They may not be fully stable and should be used with caution. We make no claims about them.