Last updated on 2025-02-07 05:50:37 CET.
Flavor | Version | Tinstall | Tcheck | Ttotal | Status | Flags |
---|---|---|---|---|---|---|
r-devel-linux-x86_64-debian-clang | 1.1 | 30.39 | 139.52 | 169.91 | OK | |
r-devel-linux-x86_64-debian-gcc | 1.1 | 21.89 | 104.62 | 126.51 | OK | |
r-devel-linux-x86_64-fedora-clang | 1.1 | 292.78 | NOTE | |||
r-devel-linux-x86_64-fedora-gcc | 1.1 | 275.94 | NOTE | |||
r-devel-windows-x86_64 | 1.1 | 33.00 | 142.00 | 175.00 | OK | |
r-patched-linux-x86_64 | 1.1 | 28.83 | 132.63 | 161.46 | OK | |
r-release-linux-x86_64 | 1.1 | 29.59 | 129.30 | 158.89 | OK | |
r-release-macos-arm64 | 1.1 | 112.00 | OK | |||
r-release-macos-x86_64 | 1.1 | 129.00 | OK | |||
r-release-windows-x86_64 | 1.1 | 40.00 | 145.00 | 185.00 | OK | |
r-oldrel-macos-arm64 | 1.1 | 84.00 | OK | |||
r-oldrel-macos-x86_64 | 1.1 | 129.00 | OK | |||
r-oldrel-windows-x86_64 | 1.1 | 40.00 | 168.00 | 208.00 | OK |
Version: 1.1
Check: dependencies in R code
Result: NOTE
Namespace in Imports field not imported from: ‘RcppProgress’
All declared Imports should be used.
Flavors: r-devel-linux-x86_64-fedora-clang, r-devel-linux-x86_64-fedora-gcc
These binaries (installable software) and packages are in development.
They may not be fully stable and should be used with caution. We make no claims about them.