Last updated on 2025-02-16 10:50:46 CET.
Flavor | Version | Tinstall | Tcheck | Ttotal | Status | Flags |
---|---|---|---|---|---|---|
r-devel-linux-x86_64-debian-clang | 0.1.0 | 2.39 | 29.53 | 31.92 | OK | |
r-devel-linux-x86_64-debian-gcc | 0.1.0 | 2.09 | 21.97 | 24.06 | OK | |
r-devel-linux-x86_64-fedora-clang | 0.1.0 | 59.13 | NOTE | |||
r-devel-linux-x86_64-fedora-gcc | 0.1.0 | 50.40 | NOTE | |||
r-devel-macos-arm64 | 0.1.0 | 19.00 | OK | |||
r-devel-macos-x86_64 | 0.1.0 | 34.00 | OK | |||
r-devel-windows-x86_64 | 0.1.0 | 4.00 | 51.00 | 55.00 | OK | |
r-patched-linux-x86_64 | 0.1.0 | 2.12 | 27.13 | 29.25 | OK | |
r-release-linux-x86_64 | 0.1.0 | 2.40 | 27.55 | 29.95 | OK | |
r-release-macos-arm64 | 0.1.0 | 17.00 | OK | |||
r-release-macos-x86_64 | 0.1.0 | 37.00 | OK | |||
r-release-windows-x86_64 | 0.1.0 | 4.00 | 53.00 | 57.00 | OK | |
r-oldrel-macos-arm64 | 0.1.0 | 21.00 | OK | |||
r-oldrel-macos-x86_64 | 0.1.0 | 27.00 | OK | |||
r-oldrel-windows-x86_64 | 0.1.0 | 4.00 | 53.00 | 57.00 | OK |
Version: 0.1.0
Check: dependencies in R code
Result: NOTE
Namespace in Imports field not imported from: ‘mvtnorm’
All declared Imports should be used.
Flavors: r-devel-linux-x86_64-fedora-clang, r-devel-linux-x86_64-fedora-gcc
These binaries (installable software) and packages are in development.
They may not be fully stable and should be used with caution. We make no claims about them.