Last updated on 2025-02-16 10:50:46 CET.
Flavor | Version | Tinstall | Tcheck | Ttotal | Status | Flags |
---|---|---|---|---|---|---|
r-devel-linux-x86_64-debian-clang | 0.1.2 | 381.29 | 40.68 | 421.97 | NOTE | |
r-devel-linux-x86_64-debian-gcc | 0.1.2 | 295.62 | 31.05 | 326.67 | NOTE | |
r-devel-linux-x86_64-fedora-clang | 0.1.2 | 527.27 | NOTE | |||
r-devel-linux-x86_64-fedora-gcc | 0.1.2 | 555.42 | NOTE | |||
r-devel-macos-arm64 | 0.1.2 | 171.00 | OK | |||
r-devel-macos-x86_64 | 0.1.2 | 251.00 | NOTE | |||
r-devel-windows-x86_64 | 0.1.2 | 284.00 | 90.00 | 374.00 | NOTE | |
r-patched-linux-x86_64 | 0.1.2 | 388.52 | 38.39 | 426.91 | OK | |
r-release-linux-x86_64 | 0.1.2 | 385.08 | 38.41 | 423.49 | OK | |
r-release-macos-arm64 | 0.1.2 | 204.00 | NOTE | |||
r-release-macos-x86_64 | 0.1.2 | 238.00 | NOTE | |||
r-release-windows-x86_64 | 0.1.2 | 288.00 | 95.00 | 383.00 | OK | |
r-oldrel-macos-arm64 | 0.1.2 | 201.00 | NOTE | |||
r-oldrel-macos-x86_64 | 0.1.2 | 210.00 | NOTE | |||
r-oldrel-windows-x86_64 | 0.1.2 | 334.00 | 101.00 | 435.00 | OK |
Version: 0.1.2
Check: DESCRIPTION meta-information
Result: NOTE
Missing dependency on R >= 4.1.0 because package code uses the pipe
|> or function shorthand \(...) syntax added in R 4.1.0.
File(s) using such syntax:
‘import_iom.R’ ‘r6.R’
Flavors: r-devel-linux-x86_64-debian-clang, r-devel-linux-x86_64-debian-gcc, r-devel-linux-x86_64-fedora-clang, r-devel-linux-x86_64-fedora-gcc, r-devel-macos-x86_64, r-devel-windows-x86_64
Version: 0.1.2
Check: installed package size
Result: NOTE
installed size is 12.2Mb
sub-directories of 1Mb or more:
libs 11.2Mb
Flavors: r-release-macos-arm64, r-release-macos-x86_64, r-oldrel-macos-arm64, r-oldrel-macos-x86_64
These binaries (installable software) and packages are in development.
They may not be fully stable and should be used with caution. We make no claims about them.