Last updated on 2025-11-13 17:50:34 CET.
| Flavor | Version | Tinstall | Tcheck | Ttotal | Status | Flags |
|---|---|---|---|---|---|---|
| r-devel-linux-x86_64-debian-clang | 0.1.6 | 379.76 | 44.80 | 424.56 | OK | |
| r-devel-linux-x86_64-debian-gcc | 0.1.6 | 302.15 | 35.14 | 337.29 | OK | |
| r-devel-linux-x86_64-fedora-clang | 0.1.6 | 660.00 | 48.38 | 708.38 | OK | |
| r-devel-linux-x86_64-fedora-gcc | 0.1.6 | 312.00 | 354.08 | 666.08 | OK | |
| r-devel-windows-x86_64 | 0.1.6 | 331.00 | 91.00 | 422.00 | OK | |
| r-patched-linux-x86_64 | 0.1.6 | 378.00 | 41.82 | 419.82 | OK | |
| r-release-linux-x86_64 | 0.1.6 | 381.24 | 41.66 | 422.90 | OK | |
| r-release-macos-arm64 | 0.1.6 | 111.00 | 19.00 | 130.00 | OK | |
| r-release-macos-x86_64 | 0.1.6 | 217.00 | 45.00 | 262.00 | OK | |
| r-release-windows-x86_64 | 0.1.6 | 377.00 | 94.00 | 471.00 | OK | |
| r-oldrel-macos-arm64 | 0.1.6 | 133.00 | 34.00 | 167.00 | NOTE | |
| r-oldrel-macos-x86_64 | 0.1.6 | 212.00 | 80.00 | 292.00 | NOTE | |
| r-oldrel-windows-x86_64 | 0.1.6 | 393.00 | 111.00 | 504.00 | OK |
Version: 0.1.6
Check: installed package size
Result: NOTE
installed size is 6.7Mb
sub-directories of 1Mb or more:
libs 6.1Mb
Flavors: r-oldrel-macos-arm64, r-oldrel-macos-x86_64
These binaries (installable software) and packages are in development.
They may not be fully stable and should be used with caution. We make no claims about them.