Last updated on 2025-07-27 01:48:21 CEST.
Flavor | Version | Tinstall | Tcheck | Ttotal | Status | Flags |
---|---|---|---|---|---|---|
r-devel-linux-x86_64-debian-clang | 0.1.6 | 390.60 | 43.00 | 433.60 | OK | |
r-devel-linux-x86_64-debian-gcc | 0.1.6 | 309.71 | 33.99 | 343.70 | OK | |
r-devel-linux-x86_64-fedora-clang | 0.1.6 | 644.58 | OK | |||
r-devel-linux-x86_64-fedora-gcc | 0.1.6 | 649.47 | OK | |||
r-devel-windows-x86_64 | 0.1.6 | 322.00 | 106.00 | 428.00 | OK | |
r-patched-linux-x86_64 | 0.1.6 | 400.65 | 39.59 | 440.24 | OK | |
r-release-linux-x86_64 | 0.1.6 | 388.70 | 39.83 | 428.53 | OK | |
r-release-macos-arm64 | 0.1.6 | 130.00 | OK | |||
r-release-macos-x86_64 | 0.1.6 | 262.00 | OK | |||
r-release-windows-x86_64 | 0.1.6 | 311.00 | 91.00 | 402.00 | OK | |
r-oldrel-macos-arm64 | 0.1.6 | 167.00 | NOTE | |||
r-oldrel-macos-x86_64 | 0.1.6 | 292.00 | NOTE | |||
r-oldrel-windows-x86_64 | 0.1.6 | 382.00 | 114.00 | 496.00 | OK |
Version: 0.1.6
Check: installed package size
Result: NOTE
installed size is 6.7Mb
sub-directories of 1Mb or more:
libs 6.1Mb
Flavors: r-oldrel-macos-arm64, r-oldrel-macos-x86_64
These binaries (installable software) and packages are in development.
They may not be fully stable and should be used with caution. We make no claims about them.