CRAN Package Check Results for Package fio

Last updated on 2025-05-08 04:52:05 CEST.

Flavor Version Tinstall Tcheck Ttotal Status Flags
r-devel-linux-x86_64-debian-clang 0.1.6 394.58 42.93 437.51 OK
r-devel-linux-x86_64-debian-gcc 0.1.6 310.03 33.77 343.80 OK
r-devel-linux-x86_64-fedora-clang 0.1.6 716.52 OK
r-devel-linux-x86_64-fedora-gcc 0.1.6 677.82 OK
r-devel-windows-x86_64 0.1.6 304.00 93.00 397.00 OK
r-patched-linux-x86_64 0.1.6 400.01 39.60 439.61 OK
r-release-linux-x86_64 0.1.6 400.91 39.83 440.74 OK
r-release-macos-arm64 0.1.6 130.00 OK
r-release-macos-x86_64 0.1.6 262.00 OK
r-release-windows-x86_64 0.1.6 329.00 92.00 421.00 OK
r-oldrel-macos-arm64 0.1.6 167.00 NOTE
r-oldrel-macos-x86_64 0.1.6 292.00 NOTE
r-oldrel-windows-x86_64 0.1.6 392.00 114.00 506.00 OK

Check Details

Version: 0.1.6
Check: installed package size
Result: NOTE installed size is 6.7Mb sub-directories of 1Mb or more: libs 6.1Mb Flavors: r-oldrel-macos-arm64, r-oldrel-macos-x86_64

These binaries (installable software) and packages are in development.
They may not be fully stable and should be used with caution. We make no claims about them.