Last updated on 2025-11-13 01:50:20 CET.
| Flavor | Version | Tinstall | Tcheck | Ttotal | Status | Flags |
|---|---|---|---|---|---|---|
| r-devel-linux-x86_64-debian-clang | 0.1.0 | 6.21 | 44.75 | 50.96 | OK | |
| r-devel-linux-x86_64-debian-gcc | 0.1.0 | 4.49 | 33.55 | 38.04 | OK | |
| r-devel-linux-x86_64-fedora-clang | 0.1.0 | 25.00 | 52.46 | 77.46 | OK | |
| r-devel-linux-x86_64-fedora-gcc | 0.1.0 | 12.00 | 58.93 | 70.93 | OK | |
| r-devel-windows-x86_64 | 0.1.0 | 9.00 | 60.00 | 69.00 | OK | |
| r-patched-linux-x86_64 | 0.1.0 | 5.52 | 40.83 | 46.35 | OK | |
| r-release-linux-x86_64 | 0.1.0 | 5.76 | 41.19 | 46.95 | OK | |
| r-release-macos-arm64 | 0.1.0 | 5.00 | ERROR | |||
| r-release-macos-x86_64 | 0.1.0 | 6.00 | ERROR | |||
| r-release-windows-x86_64 | 0.1.0 | 8.00 | 59.00 | 67.00 | OK | |
| r-oldrel-macos-arm64 | 0.1.0 | 10.00 | ERROR | |||
| r-oldrel-macos-x86_64 | 0.1.0 | 14.00 | ERROR | |||
| r-oldrel-windows-x86_64 | 0.1.0 | 10.00 | 70.00 | 80.00 | OK |
Version: 0.1.0
Check: package dependencies
Result: ERROR
Package required and available but unsuitable version: ‘routr’
See section ‘The DESCRIPTION file’ in the ‘Writing R Extensions’
manual.
Flavors: r-release-macos-arm64, r-release-macos-x86_64, r-oldrel-macos-arm64, r-oldrel-macos-x86_64
These binaries (installable software) and packages are in development.
They may not be fully stable and should be used with caution. We make no claims about them.