CRAN Package Check Results for Package fishMod

Last updated on 2025-02-19 16:50:48 CET.

Flavor Version Tinstall Tcheck Ttotal Status Flags
r-devel-linux-x86_64-debian-clang 0.29.2 5.07 22.01 27.08 OK
r-devel-linux-x86_64-debian-gcc 0.29.2 3.54 17.19 20.73 OK
r-devel-linux-x86_64-fedora-clang 0.29.2 46.75 NOTE
r-devel-linux-x86_64-fedora-gcc 0.29.2 41.69 NOTE
r-devel-macos-arm64 0.29.2 19.00 OK
r-devel-macos-x86_64 0.29.2 43.00 OK
r-devel-windows-x86_64 0.29.2 7.00 52.00 59.00 OK
r-patched-linux-x86_64 0.29.2 4.42 20.69 25.11 OK
r-release-linux-x86_64 0.29.2 4.87 20.92 25.79 OK
r-release-macos-arm64 0.29.2 23.00 OK
r-release-macos-x86_64 0.29.2 34.00 OK
r-release-windows-x86_64 0.29.2 11.00 51.00 62.00 OK
r-oldrel-macos-arm64 0.29.2 27.00 OK
r-oldrel-macos-x86_64 0.29.2 37.00 OK
r-oldrel-windows-x86_64 0.29.2 9.00 54.00 63.00 OK

Check Details

Version: 0.29.2
Check: compiled code
Result: NOTE File ‘fishMod/libs/fishMod.so’: Found no calls to: ‘R_registerRoutines’, ‘R_useDynamicSymbols’ It is good practice to register native routines and to disable symbol search. See ‘Writing portable packages’ in the ‘Writing R Extensions’ manual. Flavors: r-devel-linux-x86_64-fedora-clang, r-devel-linux-x86_64-fedora-gcc

These binaries (installable software) and packages are in development.
They may not be fully stable and should be used with caution. We make no claims about them.