Last updated on 2025-10-03 17:48:33 CEST.
Flavor | Version | Tinstall | Tcheck | Ttotal | Status | Flags |
---|---|---|---|---|---|---|
r-devel-linux-x86_64-debian-clang | 1.2.3 | 9.79 | 81.71 | 91.50 | OK | |
r-devel-linux-x86_64-debian-gcc | 1.2.3 | 7.69 | 59.74 | 67.43 | OK | |
r-devel-linux-x86_64-fedora-clang | 1.2.3 | 138.81 | NOTE | |||
r-devel-linux-x86_64-fedora-gcc | 1.2.3 | 138.39 | NOTE | |||
r-devel-windows-x86_64 | 1.2.3 | 12.00 | 87.00 | 99.00 | OK | |
r-patched-linux-x86_64 | 1.2.3 | 9.72 | 77.56 | 87.28 | OK | |
r-release-linux-x86_64 | 1.2.3 | 8.65 | 77.38 | 86.03 | OK | |
r-release-macos-arm64 | 1.2.3 | 33.00 | OK | |||
r-release-macos-x86_64 | 1.2.3 | 67.00 | OK | |||
r-release-windows-x86_64 | 1.2.3 | 13.00 | 88.00 | 101.00 | OK | |
r-oldrel-macos-arm64 | 1.2.3 | 31.00 | OK | |||
r-oldrel-macos-x86_64 | 1.2.3 | 51.00 | OK | |||
r-oldrel-windows-x86_64 | 1.2.3 | 18.00 | 104.00 | 122.00 | OK |
Version: 1.2.3
Check: dependencies in R code
Result: NOTE
Namespaces in Imports field not imported from:
‘httr’ ‘jsonlite’
All declared Imports should be used.
Flavors: r-devel-linux-x86_64-fedora-clang, r-devel-linux-x86_64-fedora-gcc
These binaries (installable software) and packages are in development.
They may not be fully stable and should be used with caution. We make no claims about them.