Last updated on 2025-02-16 10:50:46 CET.
Flavor | Version | Tinstall | Tcheck | Ttotal | Status | Flags |
---|---|---|---|---|---|---|
r-devel-linux-x86_64-debian-clang | 1.2.3 | 8.21 | 67.75 | 75.96 | OK | |
r-devel-linux-x86_64-debian-gcc | 1.2.3 | 5.61 | 47.74 | 53.35 | OK | |
r-devel-linux-x86_64-fedora-clang | 1.2.3 | 118.34 | NOTE | |||
r-devel-linux-x86_64-fedora-gcc | 1.2.3 | 111.40 | NOTE | |||
r-devel-macos-arm64 | 1.2.3 | 35.00 | OK | |||
r-devel-macos-x86_64 | 1.2.3 | 67.00 | OK | |||
r-devel-windows-x86_64 | 1.2.3 | 11.00 | 76.00 | 87.00 | OK | |
r-patched-linux-x86_64 | 1.2.3 | 7.56 | 60.18 | 67.74 | OK | |
r-release-linux-x86_64 | 1.2.3 | 7.97 | 60.52 | 68.49 | OK | |
r-release-macos-arm64 | 1.2.3 | 31.00 | OK | |||
r-release-macos-x86_64 | 1.2.3 | 51.00 | OK | |||
r-release-windows-x86_64 | 1.2.3 | 11.00 | 77.00 | 88.00 | OK | |
r-oldrel-macos-arm64 | 1.2.3 | 39.00 | OK | |||
r-oldrel-macos-x86_64 | 1.2.3 | 81.00 | OK | |||
r-oldrel-windows-x86_64 | 1.2.3 | 14.00 | 109.00 | 123.00 | OK |
Version: 1.2.3
Check: dependencies in R code
Result: NOTE
Namespaces in Imports field not imported from:
‘httr’ ‘jsonlite’
All declared Imports should be used.
Flavors: r-devel-linux-x86_64-fedora-clang, r-devel-linux-x86_64-fedora-gcc
These binaries (installable software) and packages are in development.
They may not be fully stable and should be used with caution. We make no claims about them.