Last updated on 2025-11-11 15:50:34 CET.
| Flavor | Version | Tinstall | Tcheck | Ttotal | Status | Flags |
|---|---|---|---|---|---|---|
| r-devel-linux-x86_64-debian-clang | 1.2.3 | 10.94 | 83.69 | 94.63 | OK | |
| r-devel-linux-x86_64-debian-gcc | 1.2.3 | 7.18 | 61.42 | 68.60 | OK | |
| r-devel-linux-x86_64-fedora-clang | 1.2.3 | 42.00 | 111.78 | 153.78 | NOTE | |
| r-devel-linux-x86_64-fedora-gcc | 1.2.3 | 22.00 | 118.76 | 140.76 | NOTE | |
| r-devel-windows-x86_64 | 1.2.3 | 13.00 | 85.00 | 98.00 | OK | |
| r-patched-linux-x86_64 | 1.2.3 | 10.37 | 77.50 | 87.87 | OK | |
| r-release-linux-x86_64 | 1.2.3 | 10.23 | 77.97 | 88.20 | OK | |
| r-release-macos-arm64 | 1.2.3 | 4.00 | 29.00 | 33.00 | OK | |
| r-release-macos-x86_64 | 1.2.3 | 7.00 | 60.00 | 67.00 | OK | |
| r-release-windows-x86_64 | 1.2.3 | 12.00 | 85.00 | 97.00 | OK | |
| r-oldrel-macos-arm64 | 1.2.3 | 3.00 | 28.00 | 31.00 | OK | |
| r-oldrel-macos-x86_64 | 1.2.3 | 6.00 | 45.00 | 51.00 | OK | |
| r-oldrel-windows-x86_64 | 1.2.3 | 17.00 | 105.00 | 122.00 | OK |
Version: 1.2.3
Check: dependencies in R code
Result: NOTE
Namespaces in Imports field not imported from:
‘httr’ ‘jsonlite’
All declared Imports should be used.
Flavors: r-devel-linux-x86_64-fedora-clang, r-devel-linux-x86_64-fedora-gcc
These binaries (installable software) and packages are in development.
They may not be fully stable and should be used with caution. We make no claims about them.