Last updated on 2025-07-26 07:50:22 CEST.
Flavor | Version | Tinstall | Tcheck | Ttotal | Status | Flags |
---|---|---|---|---|---|---|
r-devel-linux-x86_64-debian-clang | 1.13-1 | 112.69 | 181.16 | 293.85 | OK | |
r-devel-linux-x86_64-debian-gcc | 1.13-1 | 90.23 | 113.14 | 203.37 | OK | |
r-devel-linux-x86_64-fedora-clang | 1.13-1 | 455.36 | OK | |||
r-devel-linux-x86_64-fedora-gcc | 1.13-1 | 503.76 | OK | |||
r-devel-windows-x86_64 | 1.13-1 | 117.00 | 220.00 | 337.00 | OK | |
r-patched-linux-x86_64 | 1.13-1 | 130.70 | 168.25 | 298.95 | OK | |
r-release-linux-x86_64 | 1.13-1 | 130.32 | 169.55 | 299.87 | OK | |
r-release-macos-arm64 | 1.13-1 | 114.00 | OK | |||
r-release-macos-x86_64 | 1.13-1 | 271.00 | OK | |||
r-release-windows-x86_64 | 1.13-1 | 114.00 | 229.00 | 343.00 | OK | |
r-oldrel-macos-arm64 | 1.13-1 | 131.00 | NOTE | |||
r-oldrel-macos-x86_64 | 1.13-1 | 322.00 | NOTE | |||
r-oldrel-windows-x86_64 | 1.13-1 | 148.00 | 266.00 | 414.00 | NOTE |
Version: 1.13-1
Check: installed package size
Result: NOTE
installed size is 48.5Mb
sub-directories of 1Mb or more:
libs 47.1Mb
Flavors: r-oldrel-macos-arm64, r-oldrel-macos-x86_64, r-oldrel-windows-x86_64
These binaries (installable software) and packages are in development.
They may not be fully stable and should be used with caution. We make no claims about them.