Last updated on 2025-07-01 11:49:18 CEST.
Flavor | Version | Tinstall | Tcheck | Ttotal | Status | Flags |
---|---|---|---|---|---|---|
r-devel-linux-x86_64-debian-clang | 2025.1.0.1 | 17.04 | 49.11 | 66.15 | OK | |
r-devel-linux-x86_64-debian-gcc | 2025.1.0.1 | 11.54 | 36.81 | 48.35 | OK | |
r-devel-linux-x86_64-fedora-clang | 2025.1.0.1 | 101.87 | OK | |||
r-devel-linux-x86_64-fedora-gcc | 2025.1.0.1 | 103.94 | OK | |||
r-devel-windows-x86_64 | 2025.1.0.1 | 15.00 | 78.00 | 93.00 | OK | |
r-patched-linux-x86_64 | OK | |||||
r-release-linux-x86_64 | 2025.1.0.1 | 17.16 | 50.60 | 67.76 | OK | |
r-release-macos-arm64 | 2025.1.0.1 | 62.00 | OK | |||
r-release-macos-x86_64 | 2025.1.0.1 | 82.00 | OK | |||
r-release-windows-x86_64 | 2025.1.0.1 | 16.00 | 80.00 | 96.00 | OK | |
r-oldrel-macos-arm64 | 2025.1.0.1 | 52.00 | NOTE | |||
r-oldrel-macos-x86_64 | 2025.1.0.1 | 106.00 | NOTE | |||
r-oldrel-windows-x86_64 | 2025.1.0.1 | 23.00 | 93.00 | 116.00 | OK |
Version: 2025.1.0.1
Check: installed package size
Result: NOTE
installed size is 5.3Mb
sub-directories of 1Mb or more:
data 5.2Mb
Flavors: r-oldrel-macos-arm64, r-oldrel-macos-x86_64
These binaries (installable software) and packages are in development.
They may not be fully stable and should be used with caution. We make no claims about them.