Last updated on 2025-10-27 03:50:39 CET.
| Flavor | Version | Tinstall | Tcheck | Ttotal | Status | Flags |
|---|---|---|---|---|---|---|
| r-devel-linux-x86_64-debian-clang | 2025.1.0.1 | 15.13 | 52.88 | 68.01 | OK | |
| r-devel-linux-x86_64-debian-gcc | 2025.1.0.1 | 11.00 | 38.30 | 49.30 | OK | |
| r-devel-linux-x86_64-fedora-clang | 2025.1.0.1 | 56.00 | 51.63 | 107.63 | OK | |
| r-devel-linux-x86_64-fedora-gcc | 2025.1.0.1 | 31.00 | 72.50 | 103.50 | OK | |
| r-devel-windows-x86_64 | 2025.1.0.1 | 17.00 | 76.00 | 93.00 | OK | |
| r-patched-linux-x86_64 | 2025.1.0.1 | 16.87 | 53.09 | 69.96 | OK | |
| r-release-linux-x86_64 | 2025.1.0.1 | 15.88 | 53.60 | 69.48 | OK | |
| r-release-macos-arm64 | 2025.1.0.1 | 13.00 | 49.00 | 62.00 | OK | |
| r-release-macos-x86_64 | 2025.1.0.1 | 19.00 | 63.00 | 82.00 | OK | |
| r-release-windows-x86_64 | 2025.1.0.1 | 17.00 | 77.00 | 94.00 | OK | |
| r-oldrel-macos-arm64 | 2025.1.0.1 | 12.00 | 40.00 | 52.00 | NOTE | |
| r-oldrel-macos-x86_64 | 2025.1.0.1 | 31.00 | 75.00 | 106.00 | NOTE | |
| r-oldrel-windows-x86_64 | 2025.1.0.1 | 23.00 | 94.00 | 117.00 | OK |
Version: 2025.1.0.1
Check: installed package size
Result: NOTE
installed size is 5.3Mb
sub-directories of 1Mb or more:
data 5.2Mb
Flavors: r-oldrel-macos-arm64, r-oldrel-macos-x86_64
These binaries (installable software) and packages are in development.
They may not be fully stable and should be used with caution. We make no claims about them.