CRAN Package Check Results for Package fitODBOD

Last updated on 2025-11-11 17:49:58 CET.

Flavor Version Tinstall Tcheck Ttotal Status Flags
r-devel-linux-x86_64-debian-clang 1.5.4 8.07 140.92 148.99 NOTE
r-devel-linux-x86_64-debian-gcc 1.5.4 6.66 86.81 93.47 NOTE
r-devel-linux-x86_64-fedora-clang 1.5.4 53.00 189.51 242.51 NOTE
r-devel-linux-x86_64-fedora-gcc 1.5.4 19.00 198.49 217.49 NOTE
r-devel-windows-x86_64 1.5.4 11.00 188.00 199.00 NOTE
r-patched-linux-x86_64 1.5.4 10.53 131.72 142.25 OK
r-release-linux-x86_64 1.5.4 8.68 131.00 139.68 OK
r-release-macos-arm64 1.5.4 4.00 61.00 65.00 OK
r-release-macos-x86_64 1.5.4 12.00 137.00 149.00 OK
r-release-windows-x86_64 1.5.4 10.00 191.00 201.00 OK
r-oldrel-macos-arm64 1.5.4 3.00 51.00 54.00 OK
r-oldrel-macos-x86_64 1.5.4 5.00 130.00 135.00 OK
r-oldrel-windows-x86_64 1.5.4 15.00 220.00 235.00 OK

Check Details

Version: 1.5.4
Check: Rd files
Result: NOTE checkRd: (-1) dBetaCorrBin.Rd:44: height/width attributes should be in pixels checkRd: (-1) pBetaCorrBin.Rd:32: height/width attributes should be in pixels Flavors: r-devel-linux-x86_64-debian-clang, r-devel-linux-x86_64-debian-gcc, r-devel-linux-x86_64-fedora-clang, r-devel-linux-x86_64-fedora-gcc, r-devel-windows-x86_64

These binaries (installable software) and packages are in development.
They may not be fully stable and should be used with caution. We make no claims about them.