Last updated on 2025-05-08 04:52:05 CEST.
Flavor | Version | Tinstall | Tcheck | Ttotal | Status | Flags |
---|---|---|---|---|---|---|
r-devel-linux-x86_64-debian-clang | 1.0.2 | 37.21 | 74.72 | 111.93 | NOTE | |
r-devel-linux-x86_64-debian-gcc | 1.0.2 | 26.29 | 51.49 | 77.78 | NOTE | |
r-devel-linux-x86_64-fedora-clang | 1.0.2 | 178.27 | NOTE | |||
r-devel-linux-x86_64-fedora-gcc | 1.0.2 | 179.95 | NOTE | |||
r-devel-windows-x86_64 | 1.0.2 | 61.00 | 88.00 | 149.00 | NOTE | |
r-patched-linux-x86_64 | 1.0.2 | 33.05 | 68.30 | 101.35 | NOTE | |
r-release-linux-x86_64 | 1.0.2 | 33.72 | 68.36 | 102.08 | NOTE | |
r-release-macos-arm64 | 1.0.2 | 106.00 | NOTE | |||
r-release-macos-x86_64 | 1.0.2 | 221.00 | NOTE | |||
r-release-windows-x86_64 | 1.0.2 | 61.00 | 87.00 | 148.00 | NOTE | |
r-oldrel-macos-arm64 | 1.0.2 | 62.00 | NOTE | |||
r-oldrel-macos-x86_64 | 1.0.2 | 143.00 | NOTE | |||
r-oldrel-windows-x86_64 | 1.0.2 | 78.00 | 105.00 | 183.00 | NOTE |
Version: 1.0.2
Check: DESCRIPTION meta-information
Result: NOTE
Missing dependency on R >= 4.1.0 because package code uses the pipe
|> or function shorthand \(...) syntax added in R 4.1.0.
File(s) using such syntax:
‘app_server.R’
Flavors: r-devel-linux-x86_64-debian-clang, r-devel-linux-x86_64-debian-gcc, r-devel-linux-x86_64-fedora-clang, r-devel-linux-x86_64-fedora-gcc, r-devel-windows-x86_64, r-patched-linux-x86_64, r-release-linux-x86_64, r-release-macos-arm64, r-release-macos-x86_64, r-release-windows-x86_64
Version: 1.0.2
Check: package dependencies
Result: NOTE
Package suggested but not available for checking: ‘gridlayout’
Flavors: r-oldrel-macos-arm64, r-oldrel-macos-x86_64, r-oldrel-windows-x86_64
Version: 1.0.2
Check: installed package size
Result: NOTE
installed size is 6.3Mb
sub-directories of 1Mb or more:
data 6.1Mb
Flavors: r-oldrel-macos-arm64, r-oldrel-macos-x86_64, r-oldrel-windows-x86_64
These binaries (installable software) and packages are in development.
They may not be fully stable and should be used with caution. We make no claims about them.