Last updated on 2025-10-23 09:50:45 CEST.
Flavor | Version | Tinstall | Tcheck | Ttotal | Status | Flags |
---|---|---|---|---|---|---|
r-devel-linux-x86_64-debian-clang | 1.0.1 | 14.45 | 148.91 | 163.36 | NOTE | |
r-devel-linux-x86_64-debian-gcc | 1.0.1 | 10.71 | 103.83 | 114.54 | NOTE | |
r-devel-linux-x86_64-fedora-clang | 1.0.1 | 44.00 | 215.28 | 259.28 | NOTE | |
r-devel-linux-x86_64-fedora-gcc | 1.0.1 | 30.00 | 226.09 | 256.09 | NOTE | |
r-devel-windows-x86_64 | 1.0.1 | 16.00 | 158.00 | 174.00 | NOTE | |
r-patched-linux-x86_64 | 1.0.1 | 13.57 | 140.19 | 153.76 | NOTE | |
r-release-linux-x86_64 | 1.0.1 | 13.60 | 141.25 | 154.85 | NOTE | |
r-release-macos-arm64 | 1.0.1 | 6.00 | 64.00 | 70.00 | NOTE | |
r-release-macos-x86_64 | 1.0.1 | 13.00 | 121.00 | 134.00 | NOTE | |
r-release-windows-x86_64 | 1.0.1 | 18.00 | 160.00 | 178.00 | NOTE | |
r-oldrel-macos-arm64 | 1.0.1 | 6.00 | 61.00 | 67.00 | OK | |
r-oldrel-macos-x86_64 | 1.0.1 | 14.00 | 140.00 | 154.00 | OK | |
r-oldrel-windows-x86_64 | 1.0.1 | 22.00 | 192.00 | 214.00 | OK |
Version: 1.0.1
Check: DESCRIPTION meta-information
Result: NOTE
Missing dependency on R >= 4.1.0 because package code uses the pipe
|> or function shorthand \(...) syntax added in R 4.1.0.
File(s) using such syntax:
‘readData.R’
Flavors: r-devel-linux-x86_64-debian-clang, r-devel-linux-x86_64-debian-gcc, r-devel-linux-x86_64-fedora-clang, r-devel-linux-x86_64-fedora-gcc, r-devel-windows-x86_64, r-patched-linux-x86_64, r-release-linux-x86_64, r-release-macos-arm64, r-release-macos-x86_64, r-release-windows-x86_64
Version: 1.0.1
Check: HTML version of manual
Result: NOTE
Found the following HTML validation problems:
rzeta.html:55:1 (rzeta.Rd:14): Warning: missing </ul> before </div>
var.html:50:1 (var.Rd:12): Warning: missing </ul> before </div>
Flavor: r-devel-linux-x86_64-debian-clang
These binaries (installable software) and packages are in development.
They may not be fully stable and should be used with caution. We make no claims about them.