Last updated on 2025-02-16 10:50:46 CET.
Flavor | Version | Tinstall | Tcheck | Ttotal | Status | Flags |
---|---|---|---|---|---|---|
r-devel-linux-x86_64-debian-clang | 1.0.1 | 13.97 | 131.81 | 145.78 | NOTE | |
r-devel-linux-x86_64-debian-gcc | 1.0.1 | 9.33 | 89.22 | 98.55 | NOTE | |
r-devel-linux-x86_64-fedora-clang | 1.0.1 | 229.08 | NOTE | |||
r-devel-linux-x86_64-fedora-gcc | 1.0.1 | 243.12 | NOTE | |||
r-devel-macos-arm64 | 1.0.1 | 72.00 | OK | |||
r-devel-macos-x86_64 | 1.0.1 | 134.00 | NOTE | |||
r-devel-windows-x86_64 | 1.0.1 | 15.00 | 151.00 | 166.00 | NOTE | |
r-patched-linux-x86_64 | 1.0.1 | 13.46 | 118.54 | 132.00 | OK | |
r-release-linux-x86_64 | 1.0.1 | 12.32 | 119.87 | 132.19 | OK | |
r-release-macos-arm64 | 1.0.1 | 67.00 | OK | |||
r-release-macos-x86_64 | 1.0.1 | 154.00 | OK | |||
r-release-windows-x86_64 | 1.0.1 | 15.00 | 151.00 | 166.00 | OK | |
r-oldrel-macos-arm64 | 1.0.1 | 72.00 | OK | |||
r-oldrel-macos-x86_64 | 1.0.1 | 168.00 | OK | |||
r-oldrel-windows-x86_64 | 1.0.1 | 20.00 | 162.00 | 182.00 | OK |
Version: 1.0.1
Check: DESCRIPTION meta-information
Result: NOTE
Missing dependency on R >= 4.1.0 because package code uses the pipe
|> or function shorthand \(...) syntax added in R 4.1.0.
File(s) using such syntax:
‘readData.R’
Flavors: r-devel-linux-x86_64-debian-clang, r-devel-linux-x86_64-debian-gcc, r-devel-linux-x86_64-fedora-clang, r-devel-linux-x86_64-fedora-gcc, r-devel-macos-x86_64, r-devel-windows-x86_64
These binaries (installable software) and packages are in development.
They may not be fully stable and should be used with caution. We make no claims about them.