Last updated on 2024-07-27 15:50:17 CEST.
Flavor | Version | Tinstall | Tcheck | Ttotal | Status | Flags |
---|---|---|---|---|---|---|
r-devel-linux-x86_64-debian-clang | 1.0.6 | 61.60 | 491.52 | 553.12 | OK | |
r-devel-linux-x86_64-debian-gcc | 1.0.6 | OK | ||||
r-devel-linux-x86_64-fedora-clang | 1.0.6 | 700.38 | NOTE | |||
r-devel-linux-x86_64-fedora-gcc | 1.0.6 | 680.72 | OK | |||
r-devel-windows-x86_64 | 1.0.6 | 42.00 | 288.00 | 330.00 | NOTE | |
r-patched-linux-x86_64 | 1.0.6 | OK | ||||
r-release-linux-x86_64 | 1.0.6 | 41.85 | 473.45 | 515.30 | OK | |
r-release-macos-arm64 | 1.0.6 | 145.00 | NOTE | |||
r-release-macos-x86_64 | 1.0.6 | 230.00 | NOTE | |||
r-release-windows-x86_64 | 1.0.6 | 41.00 | 290.00 | 331.00 | NOTE | |
r-oldrel-macos-arm64 | 1.0.6 | 148.00 | NOTE | |||
r-oldrel-macos-x86_64 | 1.0.6 | 412.00 | NOTE | |||
r-oldrel-windows-x86_64 | 1.0.6 | 57.00 | 395.00 | 452.00 | NOTE |
Version: 1.0.6
Check: package dependencies
Result: NOTE
Imports includes 25 non-default packages.
Importing from so many packages makes the package vulnerable to any of
them becoming unavailable. Move as many as possible to Suggests and
use conditionally.
Flavor: r-devel-linux-x86_64-fedora-clang
Version: 1.0.6
Check: installed package size
Result: NOTE
installed size is 5.8Mb
sub-directories of 1Mb or more:
doc 4.0Mb
Flavors: r-devel-linux-x86_64-fedora-clang, r-devel-windows-x86_64, r-release-macos-arm64, r-release-macos-x86_64, r-release-windows-x86_64, r-oldrel-macos-arm64, r-oldrel-macos-x86_64, r-oldrel-windows-x86_64
These binaries (installable software) and packages are in development.
They may not be fully stable and should be used with caution. We make no claims about them.