Last updated on 2025-05-01 14:49:09 CEST.
Flavor | Version | Tinstall | Tcheck | Ttotal | Status | Flags |
---|---|---|---|---|---|---|
r-devel-linux-x86_64-debian-clang | 1.0.6 | 51.96 | 388.59 | 440.55 | OK | |
r-devel-linux-x86_64-debian-gcc | 1.0.6 | 37.51 | 264.25 | 301.76 | OK | |
r-devel-linux-x86_64-fedora-clang | 1.0.6 | 682.88 | OK | |||
r-devel-linux-x86_64-fedora-gcc | 1.0.6 | 657.52 | OK | |||
r-devel-windows-x86_64 | 1.0.6 | 41.00 | 301.00 | 342.00 | OK | |
r-patched-linux-x86_64 | 1.0.6 | 53.00 | 368.79 | 421.79 | OK | |
r-release-linux-x86_64 | OK | |||||
r-release-macos-arm64 | 1.0.6 | 141.00 | OK | |||
r-release-macos-x86_64 | 1.0.6 | 310.00 | OK | |||
r-release-windows-x86_64 | 1.0.6 | 42.00 | 310.00 | 352.00 | OK | |
r-oldrel-macos-arm64 | 1.0.6 | 145.00 | NOTE | |||
r-oldrel-macos-x86_64 | 1.0.6 | 230.00 | NOTE | |||
r-oldrel-windows-x86_64 | 1.0.6 | 57.00 | 413.00 | 470.00 | NOTE |
Version: 1.0.6
Check: installed package size
Result: NOTE
installed size is 5.7Mb
sub-directories of 1Mb or more:
doc 4.0Mb
Flavors: r-oldrel-macos-arm64, r-oldrel-macos-x86_64, r-oldrel-windows-x86_64
These binaries (installable software) and packages are in development.
They may not be fully stable and should be used with caution. We make no claims about them.