CRAN Package Check Results for Package fitbitViz

Last updated on 2025-07-04 17:54:33 CEST.

Flavor Version Tinstall Tcheck Ttotal Status Flags
r-devel-linux-x86_64-debian-clang 1.0.7 51.75 369.87 421.62 OK
r-devel-linux-x86_64-debian-gcc 1.0.7 37.37 267.88 305.25 OK
r-devel-linux-x86_64-fedora-clang 1.0.7 679.98 OK
r-devel-linux-x86_64-fedora-gcc 1.0.7 668.60 OK
r-devel-windows-x86_64 1.0.7 41.00 297.00 338.00 OK
r-patched-linux-x86_64 1.0.7 50.27 376.59 426.86 OK
r-release-linux-x86_64 1.0.7 48.55 374.70 423.25 OK
r-release-macos-arm64 1.0.7 121.00 OK
r-release-macos-x86_64 1.0.7 190.00 OK
r-release-windows-x86_64 1.0.7 40.00 301.00 341.00 OK
r-oldrel-macos-arm64 1.0.7 146.00 NOTE
r-oldrel-macos-x86_64 1.0.7 211.00 NOTE
r-oldrel-windows-x86_64 1.0.7 58.00 408.00 466.00 NOTE

Check Details

Version: 1.0.7
Check: installed package size
Result: NOTE installed size is 5.6Mb sub-directories of 1Mb or more: doc 4.0Mb Flavors: r-oldrel-macos-arm64, r-oldrel-macos-x86_64, r-oldrel-windows-x86_64

These binaries (installable software) and packages are in development.
They may not be fully stable and should be used with caution. We make no claims about them.