Last updated on 2025-07-01 11:49:18 CEST.
Flavor | Version | Tinstall | Tcheck | Ttotal | Status | Flags |
---|---|---|---|---|---|---|
r-devel-linux-x86_64-debian-clang | 0.1.1 | 69.50 | 375.13 | 444.63 | OK | |
r-devel-linux-x86_64-debian-gcc | 0.1.1 | 38.43 | 251.67 | 290.10 | OK | |
r-devel-linux-x86_64-fedora-clang | 0.1.1 | 805.11 | OK | |||
r-devel-linux-x86_64-fedora-gcc | 0.1.1 | 744.57 | OK | |||
r-devel-windows-x86_64 | 0.1.1 | 75.00 | 506.00 | 581.00 | OK | |
r-patched-linux-x86_64 | OK | |||||
r-release-linux-x86_64 | 0.1.1 | 65.07 | 375.58 | 440.65 | OK | |
r-release-macos-arm64 | 0.1.1 | 154.00 | OK | |||
r-release-macos-x86_64 | 0.1.1 | 350.00 | OK | |||
r-release-windows-x86_64 | 0.1.1 | 74.00 | 493.00 | 567.00 | OK | |
r-oldrel-macos-arm64 | 0.1.1 | 150.00 | NOTE | |||
r-oldrel-macos-x86_64 | 0.1.1 | 365.00 | NOTE | |||
r-oldrel-windows-x86_64 | 0.1.1 | 98.00 | 593.00 | 691.00 | OK |
Version: 0.1.1
Check: installed package size
Result: NOTE
installed size is 5.5Mb
sub-directories of 1Mb or more:
R 2.0Mb
help 3.1Mb
Flavors: r-oldrel-macos-arm64, r-oldrel-macos-x86_64
These binaries (installable software) and packages are in development.
They may not be fully stable and should be used with caution. We make no claims about them.