Last updated on 2025-10-23 21:51:27 CEST.
Flavor | Version | Tinstall | Tcheck | Ttotal | Status | Flags |
---|---|---|---|---|---|---|
r-devel-linux-x86_64-debian-clang | 0.1.1 | 72.01 | 419.81 | 491.82 | OK | |
r-devel-linux-x86_64-debian-gcc | 0.1.1 | 38.25 | 259.01 | 297.26 | OK | |
r-devel-linux-x86_64-fedora-clang | 0.1.1 | 286.00 | 504.59 | 790.59 | OK | |
r-devel-linux-x86_64-fedora-gcc | 0.1.1 | 168.00 | 550.51 | 718.51 | OK | |
r-devel-windows-x86_64 | 0.1.1 | 72.00 | 494.00 | 566.00 | OK | |
r-patched-linux-x86_64 | 0.1.1 | 88.66 | 396.62 | 485.28 | OK | |
r-release-linux-x86_64 | 0.1.1 | 59.78 | 396.00 | 455.78 | OK | |
r-release-macos-arm64 | 0.1.1 | 34.00 | 120.00 | 154.00 | OK | |
r-release-macos-x86_64 | 0.1.1 | 64.00 | 286.00 | 350.00 | OK | |
r-release-windows-x86_64 | 0.1.1 | 74.00 | 498.00 | 572.00 | OK | |
r-oldrel-macos-arm64 | 0.1.1 | 26.00 | 124.00 | 150.00 | NOTE | |
r-oldrel-macos-x86_64 | 0.1.1 | 76.00 | 289.00 | 365.00 | NOTE | |
r-oldrel-windows-x86_64 | 0.1.1 | 101.00 | 599.00 | 700.00 | OK |
Version: 0.1.1
Check: installed package size
Result: NOTE
installed size is 5.5Mb
sub-directories of 1Mb or more:
R 2.0Mb
help 3.1Mb
Flavors: r-oldrel-macos-arm64, r-oldrel-macos-x86_64
These binaries (installable software) and packages are in development.
They may not be fully stable and should be used with caution. We make no claims about them.