Last updated on 2025-11-11 15:50:34 CET.
| Flavor | Version | Tinstall | Tcheck | Ttotal | Status | Flags |
|---|---|---|---|---|---|---|
| r-devel-linux-x86_64-debian-clang | 0.1.0 | 2.24 | 25.54 | 27.78 | NOTE | |
| r-devel-linux-x86_64-debian-gcc | 0.1.0 | 1.76 | 19.57 | 21.33 | NOTE | |
| r-devel-linux-x86_64-fedora-clang | 0.1.0 | 11.00 | 34.25 | 45.25 | NOTE | |
| r-devel-linux-x86_64-fedora-gcc | 0.1.0 | 40.22 | NOTE | |||
| r-devel-windows-x86_64 | 0.1.0 | 3.00 | 46.00 | 49.00 | NOTE | |
| r-patched-linux-x86_64 | 0.1.0 | 2.62 | 24.01 | 26.63 | NOTE | |
| r-release-linux-x86_64 | 0.1.0 | 2.36 | 23.97 | 26.33 | NOTE | |
| r-release-macos-arm64 | 0.1.0 | 1.00 | 16.00 | 17.00 | NOTE | |
| r-release-macos-x86_64 | 0.1.0 | 2.00 | 28.00 | 30.00 | NOTE | |
| r-release-windows-x86_64 | 0.1.0 | 3.00 | 45.00 | 48.00 | NOTE | |
| r-oldrel-macos-arm64 | 0.1.0 | 1.00 | 16.00 | 17.00 | NOTE | |
| r-oldrel-macos-x86_64 | 0.1.0 | 2.00 | 23.00 | 25.00 | NOTE | |
| r-oldrel-windows-x86_64 | 0.1.0 | 3.00 | 50.00 | 53.00 | NOTE |
Version: 0.1.0
Check: Rd files
Result: NOTE
checkRd: (-1) fitmixEM.Rd:51: Escaped LaTeX specials: \&
Flavors: r-devel-linux-x86_64-debian-clang, r-devel-linux-x86_64-debian-gcc, r-devel-linux-x86_64-fedora-clang, r-devel-linux-x86_64-fedora-gcc, r-devel-windows-x86_64, r-patched-linux-x86_64, r-release-linux-x86_64, r-release-macos-arm64, r-release-macos-x86_64, r-release-windows-x86_64, r-oldrel-macos-arm64, r-oldrel-macos-x86_64, r-oldrel-windows-x86_64
These binaries (installable software) and packages are in development.
They may not be fully stable and should be used with caution. We make no claims about them.