CRAN Package Check Results for Package fitode

Last updated on 2025-05-29 07:49:47 CEST.

Flavor Version Tinstall Tcheck Ttotal Status Flags
r-devel-linux-x86_64-debian-clang 0.1.1 13.27 280.87 294.14 NOTE
r-devel-linux-x86_64-debian-gcc 0.1.1 8.54 171.16 179.70 NOTE
r-devel-linux-x86_64-fedora-clang 0.1.1 478.15 OK
r-devel-linux-x86_64-fedora-gcc 0.1.1 453.97 OK
r-devel-windows-x86_64 0.1.1 13.00 291.00 304.00 NOTE
r-patched-linux-x86_64 0.1.1 14.39 262.79 277.18 NOTE
r-release-linux-x86_64 0.1.1 11.24 266.51 277.75 NOTE
r-release-macos-arm64 0.1.1 140.00 OK
r-release-macos-x86_64 0.1.1 310.00 OK
r-release-windows-x86_64 0.1.1 13.00 294.00 307.00 NOTE
r-oldrel-macos-arm64 0.1.1 121.00 OK
r-oldrel-macos-x86_64 0.1.1 433.00 OK
r-oldrel-windows-x86_64 0.1.1 18.00 399.00 417.00 OK

Check Details

Version: 0.1.1
Check: Rd cross-references
Result: NOTE Found the following Rd file(s) with Rd \link{} targets missing package anchors: fitode-class.Rd: mle2-class fitode.Rd: ode, ginv, mle2 fitodeMCMC.Rd: ode logLik.sensitivity.Rd: ode ode.sensitivity.Rd: ode summary-fitodeMCMC-method.Rd: effectiveSize, gelman.diag Please provide package anchors for all Rd \link{} targets not in the package itself and the base packages. Flavors: r-devel-linux-x86_64-debian-clang, r-devel-linux-x86_64-debian-gcc, r-devel-windows-x86_64, r-patched-linux-x86_64, r-release-linux-x86_64, r-release-windows-x86_64

These binaries (installable software) and packages are in development.
They may not be fully stable and should be used with caution. We make no claims about them.