CRAN Package Check Results for Package fitteR

Last updated on 2025-11-12 12:53:10 CET.

Flavor Version Tinstall Tcheck Ttotal Status Flags
r-devel-linux-x86_64-debian-clang 0.2.0 6.95 55.97 62.92 NOTE
r-devel-linux-x86_64-debian-gcc 0.2.0 4.59 40.88 45.47 NOTE
r-devel-linux-x86_64-fedora-clang 0.2.0 47.00 57.65 104.65 OK
r-devel-linux-x86_64-fedora-gcc 0.2.0 12.00 80.45 92.45 OK
r-devel-windows-x86_64 0.2.0 9.00 69.00 78.00 OK
r-patched-linux-x86_64 0.2.0 6.53 52.73 59.26 OK
r-release-linux-x86_64 0.2.0 6.65 52.70 59.35 OK
r-release-macos-arm64 0.2.0 5.00 43.00 48.00 OK
r-release-macos-x86_64 0.2.0 15.00 77.00 92.00 OK
r-release-windows-x86_64 0.2.0 9.00 67.00 76.00 OK
r-oldrel-macos-arm64 0.2.0 3.00 25.00 28.00 NOTE
r-oldrel-macos-x86_64 0.2.0 4.00 41.00 45.00 NOTE
r-oldrel-windows-x86_64 0.2.0 11.00 82.00 93.00 NOTE

Check Details

Version: 0.2.0
Check: CRAN incoming feasibility
Result: NOTE Maintainer: ‘Markus Boenn <markus.boenn.sf@gmail.com>’ No Authors@R field in DESCRIPTION. Please add one, modifying Authors@R: person(given = "Markus", family = "Boenn", role = c("aut", "cre"), email = "markus.boenn.sf@gmail.com") as necessary. Flavors: r-devel-linux-x86_64-debian-clang, r-devel-linux-x86_64-debian-gcc

Version: 0.2.0
Check: package dependencies
Result: NOTE Packages suggested but not available for checking: 'nCDunnett', 'reliaR', 'STAR' Flavors: r-oldrel-macos-arm64, r-oldrel-macos-x86_64

Version: 0.2.0
Check: package dependencies
Result: NOTE Package suggested but not available for checking: 'STAR' Flavor: r-oldrel-windows-x86_64

These binaries (installable software) and packages are in development.
They may not be fully stable and should be used with caution. We make no claims about them.