CRAN Package Check Results for Package fitur

Last updated on 2025-11-12 12:53:10 CET.

Flavor Version Tinstall Tcheck Ttotal Status Flags
r-devel-linux-x86_64-debian-clang 0.6.2 6.78 93.10 99.88 OK
r-devel-linux-x86_64-debian-gcc 0.6.2 4.91 67.54 72.45 OK
r-devel-linux-x86_64-fedora-clang 0.6.2 34.00 126.51 160.51 NOTE
r-devel-linux-x86_64-fedora-gcc 0.6.2 14.00 147.16 161.16 NOTE
r-devel-windows-x86_64 0.6.2 9.00 105.00 114.00 OK
r-patched-linux-x86_64 0.6.2 6.12 87.72 93.84 OK
r-release-linux-x86_64 0.6.2 6.03 87.84 93.87 OK
r-release-macos-arm64 0.6.2 4.00 78.00 82.00 OK
r-release-macos-x86_64 0.6.2 7.00 112.00 119.00 OK
r-release-windows-x86_64 0.6.2 10.00 104.00 114.00 OK
r-oldrel-macos-arm64 0.6.2 3.00 39.00 42.00 OK
r-oldrel-macos-x86_64 0.6.2 4.00 72.00 76.00 OK
r-oldrel-windows-x86_64 0.6.2 13.00 127.00 140.00 OK

Check Details

Version: 0.6.2
Check: dependencies in R code
Result: NOTE Namespace in Imports field not imported from: ‘rstudioapi’ All declared Imports should be used. Flavors: r-devel-linux-x86_64-fedora-clang, r-devel-linux-x86_64-fedora-gcc

These binaries (installable software) and packages are in development.
They may not be fully stable and should be used with caution. We make no claims about them.