Last updated on 2025-02-16 10:50:46 CET.
Flavor | Version | Tinstall | Tcheck | Ttotal | Status | Flags |
---|---|---|---|---|---|---|
r-devel-linux-x86_64-debian-clang | 0.6.2 | 5.66 | 73.10 | 78.76 | OK | |
r-devel-linux-x86_64-debian-gcc | 0.6.2 | 4.14 | 54.01 | 58.15 | OK | |
r-devel-linux-x86_64-fedora-clang | 0.6.2 | 130.29 | NOTE | |||
r-devel-linux-x86_64-fedora-gcc | 0.6.2 | 144.32 | NOTE | |||
r-devel-macos-arm64 | 0.6.2 | 56.00 | OK | |||
r-devel-macos-x86_64 | 0.6.2 | 117.00 | OK | |||
r-devel-windows-x86_64 | 0.6.2 | 9.00 | 93.00 | 102.00 | OK | |
r-patched-linux-x86_64 | 0.6.2 | 5.36 | 69.60 | 74.96 | OK | |
r-release-linux-x86_64 | 0.6.2 | 5.61 | 69.81 | 75.42 | OK | |
r-release-macos-arm64 | 0.6.2 | 42.00 | OK | |||
r-release-macos-x86_64 | 0.6.2 | 76.00 | OK | |||
r-release-windows-x86_64 | 0.6.2 | 9.00 | 94.00 | 103.00 | OK | |
r-oldrel-macos-arm64 | 0.6.2 | 50.00 | OK | |||
r-oldrel-macos-x86_64 | 0.6.2 | 70.00 | OK | |||
r-oldrel-windows-x86_64 | 0.6.2 | 11.00 | 125.00 | 136.00 | OK |
Version: 0.6.2
Check: dependencies in R code
Result: NOTE
Namespace in Imports field not imported from: ‘rstudioapi’
All declared Imports should be used.
Flavors: r-devel-linux-x86_64-fedora-clang, r-devel-linux-x86_64-fedora-gcc
These binaries (installable software) and packages are in development.
They may not be fully stable and should be used with caution. We make no claims about them.