Last updated on 2025-05-01 15:49:31 CEST.
Flavor | Version | Tinstall | Tcheck | Ttotal | Status | Flags |
---|---|---|---|---|---|---|
r-devel-linux-x86_64-debian-clang | 0.6.2 | 6.27 | 80.60 | 86.87 | OK | |
r-devel-linux-x86_64-debian-gcc | 0.6.2 | 4.31 | 59.66 | 63.97 | OK | |
r-devel-linux-x86_64-fedora-clang | 0.6.2 | 131.53 | NOTE | |||
r-devel-linux-x86_64-fedora-gcc | 0.6.2 | 136.09 | NOTE | |||
r-devel-windows-x86_64 | 0.6.2 | 10.00 | 102.00 | 112.00 | OK | |
r-patched-linux-x86_64 | 0.6.2 | 6.35 | 74.85 | 81.20 | OK | |
r-release-linux-x86_64 | OK | |||||
r-release-macos-arm64 | 0.6.2 | 82.00 | OK | |||
r-release-macos-x86_64 | 0.6.2 | 119.00 | OK | |||
r-release-windows-x86_64 | 0.6.2 | 11.00 | 106.00 | 117.00 | OK | |
r-oldrel-macos-arm64 | 0.6.2 | 42.00 | OK | |||
r-oldrel-macos-x86_64 | 0.6.2 | 76.00 | OK | |||
r-oldrel-windows-x86_64 | 0.6.2 | 11.00 | 120.00 | 131.00 | OK |
Version: 0.6.2
Check: dependencies in R code
Result: NOTE
Namespace in Imports field not imported from: ‘rstudioapi’
All declared Imports should be used.
Flavors: r-devel-linux-x86_64-fedora-clang, r-devel-linux-x86_64-fedora-gcc
These binaries (installable software) and packages are in development.
They may not be fully stable and should be used with caution. We make no claims about them.