Last updated on 2025-05-08 04:52:05 CEST.
Flavor | Version | Tinstall | Tcheck | Ttotal | Status | Flags |
---|---|---|---|---|---|---|
r-devel-linux-x86_64-debian-clang | 0.1.3 | 6.66 | 48.20 | 54.86 | NOTE | |
r-devel-linux-x86_64-debian-gcc | 0.1.3 | 4.61 | 35.83 | 40.44 | NOTE | |
r-devel-linux-x86_64-fedora-clang | 0.1.3 | 88.92 | NOTE | |||
r-devel-linux-x86_64-fedora-gcc | 0.1.3 | 95.10 | NOTE | |||
r-devel-windows-x86_64 | 0.1.3 | 9.00 | 66.00 | 75.00 | NOTE | |
r-patched-linux-x86_64 | 0.1.3 | 6.07 | 45.63 | 51.70 | NOTE | |
r-release-linux-x86_64 | 0.1.3 | 5.93 | 45.49 | 51.42 | NOTE | |
r-release-macos-arm64 | 0.1.3 | 62.00 | NOTE | |||
r-release-macos-x86_64 | 0.1.3 | 88.00 | NOTE | |||
r-release-windows-x86_64 | 0.1.3 | 7.00 | 68.00 | 75.00 | NOTE | |
r-oldrel-macos-arm64 | 0.1.3 | 32.00 | NOTE | |||
r-oldrel-macos-x86_64 | 0.1.3 | 58.00 | NOTE | |||
r-oldrel-windows-x86_64 | 0.1.3 | 9.00 | 80.00 | 89.00 | NOTE |
Version: 0.1.3
Check: Rd files
Result: NOTE
checkRd: (-1) distribution_vector.Rd:14: Lost braces; missing escapes or markup?
14 | All standard distributions from {stats} package are covered. For a list
| ^
Flavors: r-devel-linux-x86_64-debian-clang, r-devel-linux-x86_64-debian-gcc, r-devel-linux-x86_64-fedora-clang, r-devel-linux-x86_64-fedora-gcc, r-devel-windows-x86_64, r-patched-linux-x86_64, r-release-linux-x86_64, r-release-macos-arm64, r-release-macos-x86_64, r-release-windows-x86_64, r-oldrel-macos-arm64, r-oldrel-macos-x86_64, r-oldrel-windows-x86_64
These binaries (installable software) and packages are in development.
They may not be fully stable and should be used with caution. We make no claims about them.