CRAN Package Check Results for Package fizzbuzzR

Last updated on 2025-11-11 15:50:34 CET.

Flavor Version Tinstall Tcheck Ttotal Status Flags
r-devel-linux-x86_64-debian-clang 0.1.1 1.61 18.55 20.16 OK
r-devel-linux-x86_64-debian-gcc 0.1.1 1.24 15.33 16.57 OK
r-devel-linux-x86_64-fedora-clang 0.1.1 30.88 OK
r-devel-linux-x86_64-fedora-gcc 0.1.1 27.91 OK
r-devel-windows-x86_64 0.1.1 3.00 38.00 41.00 OK
r-patched-linux-x86_64 0.1.1 1.57 17.66 19.23 OK
r-release-linux-x86_64 0.1.1 1.42 17.71 19.13 OK
r-release-macos-arm64 0.1.1 1.00 15.00 16.00 OK
r-release-macos-x86_64 0.1.1 1.00 20.00 21.00 OK
r-release-windows-x86_64 0.1.1 3.00 37.00 40.00 OK
r-oldrel-macos-arm64 0.1.1 1.00 14.00 15.00 NOTE
r-oldrel-macos-x86_64 0.1.1 1.00 18.00 19.00 NOTE
r-oldrel-windows-x86_64 0.1.1 3.00 39.00 42.00 NOTE

Check Details

Version: 0.1.1
Check: LazyData
Result: NOTE 'LazyData' is specified without a 'data' directory Flavors: r-oldrel-macos-arm64, r-oldrel-macos-x86_64, r-oldrel-windows-x86_64

These binaries (installable software) and packages are in development.
They may not be fully stable and should be used with caution. We make no claims about them.