Last updated on 2025-02-02 18:50:21 CET.
Flavor | Version | Tinstall | Tcheck | Ttotal | Status | Flags |
---|---|---|---|---|---|---|
r-devel-linux-x86_64-debian-clang | 1.8 | 14.87 | 115.67 | 130.54 | NOTE | |
r-devel-linux-x86_64-debian-gcc | 1.8 | 9.65 | 79.55 | 89.20 | NOTE | |
r-devel-linux-x86_64-fedora-clang | 1.8 | 205.20 | NOTE | |||
r-devel-linux-x86_64-fedora-gcc | 1.8 | 203.68 | NOTE | |||
r-devel-windows-x86_64 | 1.8 | 13.00 | 122.00 | 135.00 | NOTE | |
r-patched-linux-x86_64 | 1.8 | 13.86 | 105.26 | 119.12 | NOTE | |
r-release-linux-x86_64 | 1.8 | 11.54 | 106.18 | 117.72 | NOTE | |
r-release-macos-arm64 | 1.8 | 54.00 | NOTE | |||
r-release-macos-x86_64 | 1.8 | 98.00 | NOTE | |||
r-release-windows-x86_64 | 1.8 | 14.00 | 122.00 | 136.00 | NOTE | |
r-oldrel-macos-arm64 | 1.8 | 62.00 | OK | |||
r-oldrel-macos-x86_64 | 1.8 | 102.00 | OK | |||
r-oldrel-windows-x86_64 | 1.8 | 17.00 | 143.00 | 160.00 | OK |
Version: 1.8
Check: Rd files
Result: NOTE
checkRd: (-1) convertInitDesignToGrid.Rd:11: Lost braces; missing escapes or markup?
11 | The initial design, consisting of \code{d + 1} columns ({d} dimensions and
| ^
Flavors: r-devel-linux-x86_64-debian-clang, r-devel-linux-x86_64-debian-gcc, r-devel-linux-x86_64-fedora-clang, r-devel-linux-x86_64-fedora-gcc, r-devel-windows-x86_64, r-patched-linux-x86_64, r-release-linux-x86_64, r-release-macos-arm64, r-release-macos-x86_64, r-release-windows-x86_64
These binaries (installable software) and packages are in development.
They may not be fully stable and should be used with caution. We make no claims about them.