Last updated on 2025-07-02 03:50:41 CEST.
Flavor | Version | Tinstall | Tcheck | Ttotal | Status | Flags |
---|---|---|---|---|---|---|
r-devel-linux-x86_64-debian-clang | 1.0 | 66.43 | 61.52 | 127.95 | OK | |
r-devel-linux-x86_64-debian-gcc | 1.0 | 47.62 | 42.22 | 89.84 | OK | |
r-devel-linux-x86_64-fedora-clang | 1.0 | 222.33 | OK | |||
r-devel-linux-x86_64-fedora-gcc | 1.0 | 214.99 | OK | |||
r-devel-windows-x86_64 | 1.0 | 72.00 | 93.00 | 165.00 | OK | |
r-patched-linux-x86_64 | OK | |||||
r-release-linux-x86_64 | 1.0 | 68.56 | 56.74 | 125.30 | OK | |
r-release-macos-arm64 | 1.0 | 59.00 | OK | |||
r-release-macos-x86_64 | 1.0 | 104.00 | OK | |||
r-release-windows-x86_64 | 1.0 | 68.00 | 98.00 | 166.00 | OK | |
r-oldrel-macos-arm64 | 1.0 | 59.00 | NOTE | |||
r-oldrel-macos-x86_64 | 1.0 | 155.00 | NOTE | |||
r-oldrel-windows-x86_64 | 1.0 | 75.00 | 114.00 | 189.00 | OK |
Version: 1.0
Check: installed package size
Result: NOTE
installed size is 7.8Mb
sub-directories of 1Mb or more:
libs 7.5Mb
Flavors: r-oldrel-macos-arm64, r-oldrel-macos-x86_64
These binaries (installable software) and packages are in development.
They may not be fully stable and should be used with caution. We make no claims about them.