CRAN Package Check Results for Package flan

Last updated on 2025-10-03 07:49:40 CEST.

Flavor Version Tinstall Tcheck Ttotal Status Flags
r-devel-linux-x86_64-debian-clang 1.0 57.24 65.56 122.80 OK
r-devel-linux-x86_64-debian-gcc 1.0 45.78 42.86 88.64 OK
r-devel-linux-x86_64-fedora-clang 1.0 222.45 OK
r-devel-linux-x86_64-fedora-gcc 1.0 215.73 OK
r-devel-windows-x86_64 1.0 71.00 94.00 165.00 OK
r-patched-linux-x86_64 1.0 65.76 58.18 123.94 OK
r-release-linux-x86_64 1.0 68.60 58.18 126.78 OK
r-release-macos-arm64 1.0 59.00 OK
r-release-macos-x86_64 1.0 104.00 OK
r-release-windows-x86_64 1.0 70.00 93.00 163.00 OK
r-oldrel-macos-arm64 1.0 59.00 NOTE
r-oldrel-macos-x86_64 1.0 155.00 NOTE
r-oldrel-windows-x86_64 1.0 86.00 115.00 201.00 OK

Check Details

Version: 1.0
Check: installed package size
Result: NOTE installed size is 7.8Mb sub-directories of 1Mb or more: libs 7.5Mb Flavors: r-oldrel-macos-arm64, r-oldrel-macos-x86_64

These binaries (installable software) and packages are in development.
They may not be fully stable and should be used with caution. We make no claims about them.