Last updated on 2024-07-27 15:50:17 CEST.
Flavor | Version | Tinstall | Tcheck | Ttotal | Status | Flags |
---|---|---|---|---|---|---|
r-devel-linux-x86_64-debian-clang | 0.9 | 92.25 | 79.74 | 171.99 | OK | |
r-devel-linux-x86_64-debian-gcc | 0.9 | OK | ||||
r-devel-linux-x86_64-fedora-clang | 0.9 | 261.05 | OK | |||
r-devel-linux-x86_64-fedora-gcc | 0.9 | 231.30 | OK | |||
r-devel-windows-x86_64 | 0.9 | 68.00 | 93.00 | 161.00 | OK | |
r-patched-linux-x86_64 | 0.9 | OK | ||||
r-release-linux-x86_64 | 0.9 | 76.11 | 74.20 | 150.31 | OK | |
r-release-macos-arm64 | 0.9 | 53.00 | NOTE | |||
r-release-macos-x86_64 | 0.9 | 73.00 | NOTE | |||
r-release-windows-x86_64 | 0.9 | 79.00 | 94.00 | 173.00 | OK | |
r-oldrel-macos-arm64 | 0.9 | 63.00 | NOTE | |||
r-oldrel-macos-x86_64 | 0.9 | 110.00 | NOTE | |||
r-oldrel-windows-x86_64 | 0.9 | 78.00 | 114.00 | 192.00 | OK |
Version: 0.9
Check: installed package size
Result: NOTE
installed size is 7.3Mb
sub-directories of 1Mb or more:
libs 7.0Mb
Flavors: r-release-macos-arm64, r-release-macos-x86_64, r-oldrel-macos-arm64, r-oldrel-macos-x86_64
These binaries (installable software) and packages are in development.
They may not be fully stable and should be used with caution. We make no claims about them.