Last updated on 2025-10-25 23:48:38 CEST.
| Flavor | Version | Tinstall | Tcheck | Ttotal | Status | Flags |
|---|---|---|---|---|---|---|
| r-devel-linux-x86_64-debian-clang | 0.2.0 | 1.50 | 22.42 | 23.92 | NOTE | |
| r-devel-linux-x86_64-debian-gcc | 0.2.0 | 1.35 | 18.64 | 19.99 | NOTE | |
| r-devel-linux-x86_64-fedora-clang | 0.2.0 | 36.06 | NOTE | |||
| r-devel-linux-x86_64-fedora-gcc | 0.2.0 | 33.09 | NOTE | |||
| r-devel-windows-x86_64 | 0.2.0 | 3.00 | 39.00 | 42.00 | NOTE | |
| r-patched-linux-x86_64 | 0.2.0 | 1.55 | 20.33 | 21.88 | NOTE | |
| r-release-linux-x86_64 | 0.2.0 | 1.64 | 20.83 | 22.47 | NOTE | |
| r-release-macos-arm64 | 0.2.0 | 1.00 | 16.00 | 17.00 | NOTE | |
| r-release-macos-x86_64 | 0.2.0 | 1.00 | 24.00 | 25.00 | NOTE | |
| r-release-windows-x86_64 | 0.2.0 | 4.00 | 41.00 | 45.00 | NOTE | |
| r-oldrel-macos-arm64 | 0.2.0 | 1.00 | 18.00 | 19.00 | OK | |
| r-oldrel-macos-x86_64 | 0.2.0 | 2.00 | 31.00 | 33.00 | OK | |
| r-oldrel-windows-x86_64 | 0.2.0 | 5.00 | 46.00 | 51.00 | OK |
Version: 0.2.0
Check: DESCRIPTION meta-information
Result: NOTE
Missing dependency on R >= 4.1.0 because package code uses the pipe
|> or function shorthand \(...) syntax added in R 4.1.0.
File(s) using such syntax:
‘projection.R’
Flavors: r-devel-linux-x86_64-debian-clang, r-devel-linux-x86_64-debian-gcc, r-devel-linux-x86_64-fedora-clang, r-devel-linux-x86_64-fedora-gcc, r-devel-windows-x86_64, r-patched-linux-x86_64, r-release-linux-x86_64, r-release-macos-arm64, r-release-macos-x86_64, r-release-windows-x86_64
These binaries (installable software) and packages are in development.
They may not be fully stable and should be used with caution. We make no claims about them.